CRAN Package Check Results for Package critpath

Last updated on 2023-11-30 15:48:12 CET.

Flavor Version Tinstall Tcheck Ttotal Status Flags
r-devel-linux-x86_64-debian-clang 0.2.1 8.10 105.12 113.22 OK
r-devel-linux-x86_64-debian-gcc 0.2.1 6.29 79.65 85.94 OK
r-devel-linux-x86_64-fedora-clang 0.2.1 137.74 NOTE
r-devel-linux-x86_64-fedora-gcc 0.2.1 146.54 OK
r-devel-windows-x86_64 0.2.1 9.00 96.00 105.00 NOTE
r-patched-linux-x86_64 0.2.1 5.55 99.02 104.57 OK
r-release-linux-x86_64 0.2.1 5.07 98.21 103.28 OK
r-release-macos-arm64 0.2.1 54.00 NOTE
r-release-macos-x86_64 0.2.1 134.00 NOTE
r-release-windows-x86_64 0.2.1 12.00 116.00 128.00 NOTE
r-oldrel-macos-arm64 0.2.1 47.00 NOTE
r-oldrel-macos-x86_64 0.2.1 62.00 NOTE
r-oldrel-windows-x86_64 0.2.1 12.00 119.00 131.00 NOTE

Check Details

Version: 0.2.1
Check: installed package size
Result: NOTE installed size is 6.6Mb sub-directories of 1Mb or more: doc 6.4Mb Flavors: r-devel-linux-x86_64-fedora-clang, r-devel-windows-x86_64, r-release-macos-arm64, r-release-macos-x86_64, r-release-windows-x86_64, r-oldrel-macos-arm64, r-oldrel-macos-x86_64, r-oldrel-windows-x86_64