CRAN Package Check Results for Package crimelinkage

Last updated on 2022-08-16 04:53:35 CEST.

Flavor Version Tinstall Tcheck Ttotal Status Flags
r-devel-linux-x86_64-debian-clang 0.0.4 3.57 90.00 93.57 NOTE
r-devel-linux-x86_64-debian-gcc 0.0.4 2.79 68.63 71.42 NOTE
r-devel-linux-x86_64-fedora-clang 0.0.4 128.33 NOTE
r-devel-linux-x86_64-fedora-gcc 0.0.4 132.13 NOTE
r-devel-windows-x86_64 0.0.4 38.00 126.00 164.00 NOTE
r-patched-linux-x86_64 0.0.4 4.83 87.74 92.57 NOTE
r-release-linux-x86_64 0.0.4 3.92 88.31 92.23 NOTE
r-release-macos-arm64 0.0.4 39.00 NOTE
r-release-macos-x86_64 0.0.4 55.00 NOTE
r-release-windows-x86_64 0.0.4 67.00 137.00 204.00 NOTE
r-oldrel-macos-arm64 0.0.4 47.00 NOTE
r-oldrel-macos-x86_64 0.0.4 75.00 NOTE
r-oldrel-windows-ix86+x86_64 0.0.4 9.00 77.00 86.00 NOTE

Check Details

Version: 0.0.4
Check: DESCRIPTION meta-information
Result: NOTE
    BugReports field is not a suitable URL but contains an email address:
     use the Contact field instead
Flavors: r-devel-linux-x86_64-debian-clang, r-devel-linux-x86_64-debian-gcc, r-devel-linux-x86_64-fedora-clang, r-devel-linux-x86_64-fedora-gcc, r-devel-windows-x86_64, r-patched-linux-x86_64, r-release-linux-x86_64, r-release-macos-arm64, r-release-macos-x86_64, r-release-windows-x86_64, r-oldrel-macos-arm64, r-oldrel-macos-x86_64, r-oldrel-windows-ix86+x86_64