CRAN Package Check Results for Package crfsuite

Last updated on 2020-07-13 15:48:21 CEST.

Flavor Version Tinstall Tcheck Ttotal Status Flags
r-devel-linux-x86_64-debian-clang 0.3.2 58.89 132.43 191.32 OK
r-devel-linux-x86_64-debian-gcc 0.3.2 43.45 30.40 73.85 OK
r-devel-linux-x86_64-fedora-clang 0.3.2 245.87 OK
r-devel-linux-x86_64-fedora-gcc 0.3.2 258.67 OK
r-devel-windows-ix86+x86_64 0.3.2 157.00 226.00 383.00 OK
r-patched-linux-x86_64 0.3.2 46.61 137.21 183.82 OK
r-patched-solaris-x86 0.3.2 333.40 OK
r-release-linux-x86_64 0.3.2 46.42 140.89 187.31 OK
r-release-macos-x86_64 0.3.2 ERROR
r-release-windows-ix86+x86_64 0.3.2 154.00 197.00 351.00 OK
r-oldrel-macos-x86_64 0.3.2 OK
r-oldrel-windows-ix86+x86_64 0.3.2 153.00 177.00 330.00 OK

Check Details

Version: 0.3.2
Check: whether package can be installed
Result: ERROR
    Installation failed.
Flavor: r-release-macos-x86_64