Last updated on 2023-11-30 15:48:12 CET.
Flavor | Version | Tinstall | Tcheck | Ttotal | Status | Flags |
---|---|---|---|---|---|---|
r-devel-linux-x86_64-debian-clang | 0.4.2 | 65.39 | 130.65 | 196.04 | NOTE | |
r-devel-linux-x86_64-debian-gcc | 0.4.2 | 47.28 | 110.23 | 157.51 | NOTE | |
r-devel-linux-x86_64-fedora-clang | 0.4.2 | 251.58 | OK | |||
r-devel-linux-x86_64-fedora-gcc | 0.4.2 | 285.19 | OK | |||
r-devel-windows-x86_64 | 0.4.2 | 51.00 | 160.00 | 211.00 | OK | |
r-patched-linux-x86_64 | 0.4.2 | 64.39 | 140.42 | 204.81 | OK | |
r-release-linux-x86_64 | 0.4.2 | 56.56 | 138.52 | 195.08 | OK | |
r-release-macos-arm64 | 0.4.2 | 104.00 | OK | |||
r-release-macos-x86_64 | 0.4.2 | 229.00 | OK | |||
r-release-windows-x86_64 | 0.4.2 | 60.00 | 193.00 | 253.00 | OK | |
r-oldrel-macos-arm64 | 0.4.2 | 95.00 | OK | |||
r-oldrel-macos-x86_64 | 0.4.2 | 124.00 | OK | |||
r-oldrel-windows-x86_64 | 0.4.2 | 73.00 | 183.00 | 256.00 | OK |
Version: 0.4.2
Check: Rd files
Result: NOTE
checkRd: (-1) airbnb.Rd:14: Lost braces in \itemize; meant \describe ?
checkRd: (-1) airbnb.Rd:15: Lost braces in \itemize; meant \describe ?
checkRd: (-1) airbnb.Rd:16: Lost braces in \itemize; meant \describe ?
checkRd: (-1) airbnb_chunks.Rd:12: Lost braces in \itemize; meant \describe ?
checkRd: (-1) airbnb_chunks.Rd:13: Lost braces in \itemize; meant \describe ?
checkRd: (-1) airbnb_chunks.Rd:14: Lost braces in \itemize; meant \describe ?
checkRd: (-1) airbnb_chunks.Rd:15: Lost braces in \itemize; meant \describe ?
checkRd: (-1) airbnb_chunks.Rd:16: Lost braces in \itemize; meant \describe ?
checkRd: (-1) airbnb_chunks.Rd:17: Lost braces in \itemize; meant \describe ?
checkRd: (-1) airbnb_chunks.Rd:18: Lost braces in \itemize; meant \describe ?
checkRd: (-1) airbnb_chunks.Rd:19: Lost braces in \itemize; meant \describe ?
checkRd: (-1) crf.Rd:30: Lost braces in \itemize; meant \describe ?
checkRd: (-1) crf.Rd:31: Lost braces in \itemize; meant \describe ?
checkRd: (-1) crf.Rd:32: Lost braces in \itemize; meant \describe ?
checkRd: (-1) crf.Rd:33: Lost braces in \itemize; meant \describe ?
checkRd: (-1) crf.Rd:34: Lost braces in \itemize; meant \describe ?
checkRd: (-1) crf.Rd:52: Lost braces in \itemize; \value handles \item{}{} directly
checkRd: (-1) crf.Rd:53: Lost braces in \itemize; \value handles \item{}{} directly
checkRd: (-1) crf.Rd:54: Lost braces in \itemize; \value handles \item{}{} directly
checkRd: (-1) crf.Rd:55: Lost braces in \itemize; \value handles \item{}{} directly
checkRd: (-1) crf.Rd:56: Lost braces in \itemize; \value handles \item{}{} directly
checkRd: (-1) crf.Rd:57: Lost braces in \itemize; \value handles \item{}{} directly
checkRd: (-1) crf.Rd:58: Lost braces in \itemize; \value handles \item{}{} directly
checkRd: (-1) crf.Rd:59: Lost braces in \itemize; \value handles \item{}{} directly
checkRd: (-1) crf.Rd:60: Lost braces in \itemize; \value handles \item{}{} directly
checkRd: (-1) crf_options.Rd:14: Lost braces in \itemize; meant \describe ?
checkRd: (-1) crf_options.Rd:15: Lost braces in \itemize; meant \describe ?
checkRd: (-1) crf_options.Rd:16: Lost braces in \itemize; meant \describe ?
checkRd: (-1) crf_options.Rd:17: Lost braces in \itemize; meant \describe ?
checkRd: (-1) crf_options.Rd:18: Lost braces in \itemize; meant \describe ?
checkRd: (-1) crf_options.Rd:24: Lost braces in \itemize; \value handles \item{}{} directly
checkRd: (-1) crf_options.Rd:25: Lost braces in \itemize; \value handles \item{}{} directly
checkRd: (-1) crf_options.Rd:26: Lost braces in \itemize; \value handles \item{}{} directly
checkRd: (-1) crf_options.Rd:27: Lost braces in \itemize; \value handles \item{}{} directly
checkRd: (-1) ner_download_modeldata.Rd:20: Lost braces in \itemize; meant \describe ?
checkRd: (-1) ner_download_modeldata.Rd:21: Lost braces in \itemize; meant \describe ?
checkRd: (-1) ner_download_modeldata.Rd:22: Lost braces in \itemize; meant \describe ?
Flavors: r-devel-linux-x86_64-debian-clang, r-devel-linux-x86_64-debian-gcc