CRAN Package Check Results for Package crassmat

Last updated on 2022-12-09 04:00:42 CET.

Flavor Version Tinstall Tcheck Ttotal Status Flags
r-devel-linux-x86_64-debian-clang 0.0.6 1.75 24.54 26.29 OK
r-devel-linux-x86_64-debian-gcc 0.0.6 1.42 19.76 21.18 OK
r-devel-linux-x86_64-fedora-clang 0.0.6 44.74 OK
r-devel-linux-x86_64-fedora-gcc 0.0.6 42.69 OK
r-devel-windows-x86_64 0.0.6 8.00 50.00 58.00 OK
r-patched-linux-x86_64 0.0.6 2.15 24.34 26.49 OK
r-release-linux-x86_64 0.0.6 1.37 24.97 26.34 OK
r-release-macos-arm64 0.0.6 17.00 NOTE
r-release-macos-x86_64 0.0.6 21.00 OK
r-release-windows-x86_64 0.0.6 10.00 56.00 66.00 OK
r-oldrel-macos-arm64 0.0.6 23.00 OK
r-oldrel-macos-x86_64 0.0.6 26.00 OK
r-oldrel-windows-ix86+x86_64 0.0.6 5.00 62.00 67.00 OK

Check Details

Version: 0.0.6
Check: package dependencies
Result: NOTE
    Package suggested but not available for checking: ‘NMF’
Flavor: r-release-macos-arm64