CRAN Package Check Results for Package cranly

Last updated on 2025-04-19 15:50:48 CEST.

Flavor Version Tinstall Tcheck Ttotal Status Flags
r-devel-linux-x86_64-debian-clang 0.6.0 8.01 350.78 358.79 OK
r-devel-linux-x86_64-debian-gcc 0.6.0 5.51 234.58 240.09 OK
r-devel-linux-x86_64-fedora-clang 0.6.0 533.92 OK
r-devel-linux-x86_64-fedora-gcc 0.6.0 651.42 OK
r-devel-windows-x86_64 0.6.0 11.00 335.00 346.00 OK
r-patched-linux-x86_64 0.6.0 7.72 335.09 342.81 OK
r-release-linux-x86_64 0.6.0 7.24 340.53 347.77 OK
r-release-macos-arm64 0.6.0 208.00 OK
r-release-macos-x86_64 0.6.0 345.00 OK
r-release-windows-x86_64 0.6.0 10.00 334.00 344.00 OK
r-oldrel-macos-arm64 0.6.0 157.00 NOTE
r-oldrel-macos-x86_64 0.6.0 260.00 NOTE
r-oldrel-windows-x86_64 0.6.0 12.00 453.00 465.00 NOTE

Check Details

Version: 0.6.0
Check: installed package size
Result: NOTE installed size is 5.4Mb sub-directories of 1Mb or more: doc 5.1Mb Flavors: r-oldrel-macos-arm64, r-oldrel-macos-x86_64, r-oldrel-windows-x86_64