CRAN Package Check Results for Package cragg

Last updated on 2024-06-17 03:49:47 CEST.

Flavor Version Tinstall Tcheck Ttotal Status Flags
r-devel-linux-x86_64-debian-clang 0.0.1 1.77 36.36 38.13 NOTE
r-devel-linux-x86_64-debian-gcc 0.0.1 1.77 28.51 30.28 NOTE
r-devel-linux-x86_64-fedora-clang 0.0.1 50.20 NOTE
r-devel-linux-x86_64-fedora-gcc 0.0.1 59.72 NOTE
r-devel-windows-x86_64 0.0.1 3.00 49.00 52.00 NOTE
r-patched-linux-x86_64 0.0.1 1.90 35.67 37.57 NOTE
r-release-linux-x86_64 0.0.1 1.72 35.24 36.96 NOTE
r-release-macos-arm64 0.0.1 28.00 NOTE
r-release-macos-x86_64 0.0.1 36.00 NOTE
r-release-windows-x86_64 0.0.1 3.00 50.00 53.00 NOTE
r-oldrel-macos-arm64 0.0.1 27.00 NOTE
r-oldrel-macos-x86_64 0.0.1 35.00 NOTE
r-oldrel-windows-x86_64 0.0.1 3.00 51.00 54.00 NOTE

Check Details

Version: 0.0.1
Check: LazyData
Result: NOTE 'LazyData' is specified without a 'data' directory Flavors: r-devel-linux-x86_64-debian-clang, r-devel-linux-x86_64-debian-gcc, r-devel-linux-x86_64-fedora-clang, r-devel-linux-x86_64-fedora-gcc, r-devel-windows-x86_64, r-patched-linux-x86_64, r-release-linux-x86_64, r-release-macos-arm64, r-release-macos-x86_64, r-release-windows-x86_64, r-oldrel-macos-arm64, r-oldrel-macos-x86_64, r-oldrel-windows-x86_64