CRAN Package Check Results for Package cragg

Last updated on 2025-01-18 04:48:22 CET.

Flavor Version Tinstall Tcheck Ttotal Status Flags
r-devel-linux-x86_64-debian-clang 0.0.1 1.10 28.93 30.03 OK
r-devel-linux-x86_64-debian-gcc 0.0.1 1.30 23.00 24.30 OK
r-devel-linux-x86_64-fedora-clang 0.0.1 50.65 OK
r-devel-linux-x86_64-fedora-gcc 0.0.1 62.69 OK
r-devel-windows-x86_64 0.0.1 3.00 51.00 54.00 OK
r-patched-linux-x86_64 0.0.1 1.77 27.38 29.15 NOTE
r-release-linux-x86_64 0.0.1 1.72 27.36 29.08 NOTE
r-release-macos-arm64 0.0.1 28.00 NOTE
r-release-macos-x86_64 0.0.1 36.00 NOTE
r-release-windows-x86_64 0.0.1 3.00 50.00 53.00 NOTE
r-oldrel-macos-arm64 0.0.1 27.00 NOTE
r-oldrel-macos-x86_64 0.0.1 35.00 NOTE
r-oldrel-windows-x86_64 0.0.1 4.00 51.00 55.00 NOTE

Check Details

Version: 0.0.1
Check: LazyData
Result: NOTE 'LazyData' is specified without a 'data' directory Flavors: r-patched-linux-x86_64, r-release-linux-x86_64, r-release-macos-arm64, r-release-macos-x86_64, r-release-windows-x86_64, r-oldrel-macos-arm64, r-oldrel-macos-x86_64, r-oldrel-windows-x86_64