CRAN Package Check Results for Package cplm

Last updated on 2020-11-27 03:50:06 CET.

Flavor Version Tinstall Tcheck Ttotal Status Flags
r-devel-linux-x86_64-debian-clang 0.7-9 22.40 127.45 149.85 OK
r-devel-linux-x86_64-debian-gcc 0.7-9 20.37 96.12 116.49 OK
r-devel-linux-x86_64-fedora-clang 0.7-9 190.33 OK
r-devel-linux-x86_64-fedora-gcc 0.7-9 178.15 OK
r-devel-windows-ix86+x86_64 0.7-9 52.00 169.00 221.00 OK
r-patched-linux-x86_64 0.7-9 24.47 119.76 144.23 OK
r-patched-solaris-x86 0.7-9 250.20 OK
r-release-linux-x86_64 0.7-9 24.34 120.48 144.82 OK
r-release-macos-x86_64 0.7-9 OK
r-release-windows-ix86+x86_64 0.7-9 58.00 157.00 215.00 OK
r-oldrel-macos-x86_64 0.7-9 NOTE
r-oldrel-windows-ix86+x86_64 0.7-9 35.00 166.00 201.00 OK

Check Details

Version: 0.7-9
Check: re-building of vignette outputs
Result: NOTE
    Error(s) in re-building vignettes:
     ...
    --- re-building ‘cplm.Rnw’ using Sweave
    Loading required package: coda
    Loading required package: Matrix
    Loading required package: splines
    Error: processing vignette 'cplm.Rnw' failed with diagnostics:
    Running 'texi2dvi' on 'cplm.tex' failed.
    LaTeX errors:
    !pdfTeX error: pdflatex (file bbm10): Font bbm10 at 600 not found
     ==> Fatal error occurred, no output PDF file produced!
    --- failed re-building ‘cplm.Rnw’
    
    SUMMARY: processing the following file failed:
     ‘cplm.Rnw’
    
    Error: Vignette re-building failed.
    Execution halted
Flavor: r-oldrel-macos-x86_64