CRAN Package Check Results for Package coxphMIC

Last updated on 2022-07-04 15:54:39 CEST.

Flavor Version Tinstall Tcheck Ttotal Status Flags
r-devel-linux-x86_64-debian-clang 0.1.0 8.79 63.18 71.97 NOTE
r-devel-linux-x86_64-debian-gcc 0.1.0 6.41 49.20 55.61 NOTE
r-devel-linux-x86_64-fedora-clang 0.1.0 96.31 NOTE
r-devel-linux-x86_64-fedora-gcc 0.1.0 94.10 NOTE
r-devel-windows-x86_64 0.1.0 12.00 83.00 95.00 NOTE
r-patched-linux-x86_64 0.1.0 7.12 61.34 68.46 NOTE
r-release-linux-x86_64 0.1.0 7.94 62.84 70.78 NOTE
r-release-macos-arm64 0.1.0 39.00 NOTE
r-release-macos-x86_64 0.1.0 40.00 NOTE
r-release-windows-x86_64 0.1.0 13.00 85.00 98.00 NOTE
r-oldrel-macos-arm64 0.1.0 35.00 NOTE
r-oldrel-macos-x86_64 0.1.0 56.00 NOTE
r-oldrel-windows-ix86+x86_64 0.1.0 16.00 83.00 99.00 NOTE

Check Details

Version: 0.1.0
Check: LazyData
Result: NOTE
     'LazyData' is specified without a 'data' directory
Flavors: r-devel-linux-x86_64-debian-clang, r-devel-linux-x86_64-debian-gcc, r-devel-linux-x86_64-fedora-clang, r-devel-linux-x86_64-fedora-gcc, r-devel-windows-x86_64, r-patched-linux-x86_64, r-release-linux-x86_64, r-release-macos-arm64, r-release-macos-x86_64, r-release-windows-x86_64, r-oldrel-macos-arm64, r-oldrel-macos-x86_64, r-oldrel-windows-ix86+x86_64