CRAN Package Check Results for Package coxed

Last updated on 2024-07-24 15:51:34 CEST.

Flavor Version Tinstall Tcheck Ttotal Status Flags
r-devel-linux-x86_64-debian-clang 0.3.3 14.89 192.09 206.98 OK
r-devel-linux-x86_64-debian-gcc 0.3.3 12.07 139.54 151.61 NOTE
r-devel-linux-x86_64-fedora-clang 0.3.3 261.21 NOTE
r-devel-linux-x86_64-fedora-gcc 0.3.3 256.83 NOTE
r-devel-windows-x86_64 0.3.3 13.00 161.00 174.00 NOTE
r-patched-linux-x86_64 0.3.3 19.11 179.06 198.17 OK
r-release-linux-x86_64 0.3.3 10.79 178.40 189.19 OK
r-release-macos-arm64 0.3.3 75.00 OK
r-release-macos-x86_64 0.3.3 114.00 OK
r-release-windows-x86_64 0.3.3 14.00 166.00 180.00 OK
r-oldrel-macos-arm64 0.3.3 86.00 OK
r-oldrel-macos-x86_64 0.3.3 122.00 OK
r-oldrel-windows-x86_64 0.3.3 19.00 194.00 213.00 OK

Check Details

Version: 0.3.3
Check: Rd cross-references
Result: NOTE Found the following Rd file(s) with Rd \link{} targets missing package anchors: coxed.Rd: mgcv, rms coxed.gam.Rd: mgcv coxed.gam.tvc.Rd: mgcv Please provide package anchors for all Rd \link{} targets not in the package itself and the base packages. Flavors: r-devel-linux-x86_64-debian-gcc, r-devel-windows-x86_64

Version: 0.3.3
Check: dependencies in R code
Result: NOTE Namespace in Imports field not imported from: ‘mediation’ All declared Imports should be used. Flavors: r-devel-linux-x86_64-fedora-clang, r-devel-linux-x86_64-fedora-gcc