CRAN Package Check Results for Package covsim

Last updated on 2022-06-27 03:51:10 CEST.

Flavor Version Tinstall Tcheck Ttotal Status Flags
r-devel-linux-x86_64-debian-clang 1.0.0 3.07 235.30 238.37 OK
r-devel-linux-x86_64-debian-gcc 1.0.0 2.61 150.19 152.80 OK
r-devel-linux-x86_64-fedora-clang 1.0.0 267.08 NOTE
r-devel-linux-x86_64-fedora-gcc 1.0.0 277.20 NOTE
r-devel-windows-x86_64 1.0.0 9.00 185.00 194.00 OK
r-patched-linux-x86_64 1.0.0 2.01 229.92 231.93 OK
r-release-linux-x86_64 1.0.0 3.15 229.62 232.77 OK
r-release-macos-arm64 1.0.0 65.00 NOTE
r-release-macos-x86_64 1.0.0 87.00 NOTE
r-release-windows-x86_64 1.0.0 15.00 180.00 195.00 OK
r-oldrel-macos-arm64 1.0.0 74.00 NOTE
r-oldrel-macos-x86_64 1.0.0 82.00 NOTE
r-oldrel-windows-ix86+x86_64 1.0.0 7.00 167.00 174.00 OK

Check Details

Version: 1.0.0
Check: dependencies in R code
Result: NOTE
    Namespaces in Imports field not imported from:
     ‘Rcpp’ ‘gsl’
     All declared Imports should be used.
Flavors: r-devel-linux-x86_64-fedora-clang, r-devel-linux-x86_64-fedora-gcc, r-release-macos-arm64, r-release-macos-x86_64, r-oldrel-macos-arm64, r-oldrel-macos-x86_64