CRAN Package Check Results for Package covid19india

Last updated on 2022-10-07 15:52:52 CEST.

Flavor Version Tinstall Tcheck Ttotal Status Flags
r-devel-linux-x86_64-debian-clang 0.1.4 17.05 128.70 145.75 OK
r-devel-linux-x86_64-debian-gcc 0.1.4 12.09 94.21 106.30 OK
r-devel-linux-x86_64-fedora-clang 0.1.4 192.19 NOTE
r-devel-linux-x86_64-fedora-gcc 0.1.4 175.37 NOTE
r-devel-windows-x86_64 0.1.4 47.00 152.00 199.00 OK
r-patched-linux-x86_64 0.1.4 13.29 120.63 133.92 OK
r-release-linux-x86_64 0.1.4 10.91 123.18 134.09 OK
r-release-macos-arm64 0.1.4 49.00 NOTE
r-release-macos-x86_64 0.1.4 88.00 NOTE
r-release-windows-x86_64 0.1.4 33.00 148.00 181.00 OK
r-oldrel-macos-arm64 0.1.4 50.00 NOTE
r-oldrel-macos-x86_64 0.1.4 63.00 NOTE
r-oldrel-windows-ix86+x86_64 0.1.4 33.00 142.00 175.00 OK

Check Details

Version: 0.1.4
Check: dependencies in R code
Result: NOTE
    Namespaces in Imports field not imported from:
     ‘httr’ ‘stringr’
     All declared Imports should be used.
Flavors: r-devel-linux-x86_64-fedora-clang, r-devel-linux-x86_64-fedora-gcc, r-release-macos-arm64, r-release-macos-x86_64, r-oldrel-macos-arm64, r-oldrel-macos-x86_64