CRAN Package Check Results for Package covid19india

Last updated on 2023-02-01 15:51:19 CET.

Flavor Version Tinstall Tcheck Ttotal Status Flags
r-devel-linux-x86_64-debian-clang 0.1.4 17.77 120.37 138.14 OK
r-devel-linux-x86_64-debian-gcc 0.1.4 11.21 90.57 101.78 OK
r-devel-linux-x86_64-fedora-clang 0.1.4 175.45 NOTE
r-devel-linux-x86_64-fedora-gcc 0.1.4 173.91 NOTE
r-devel-windows-x86_64 0.1.4 46.00 144.00 190.00 OK
r-patched-linux-x86_64 0.1.4 13.03 117.71 130.74 OK
r-release-linux-x86_64 0.1.4 12.23 121.08 133.31 OK
r-release-macos-arm64 0.1.4 49.00 NOTE
r-release-macos-x86_64 0.1.4 88.00 NOTE
r-release-windows-x86_64 0.1.4 46.00 157.00 203.00 OK
r-oldrel-macos-arm64 0.1.4 50.00 NOTE
r-oldrel-macos-x86_64 0.1.4 63.00 NOTE
r-oldrel-windows-ix86+x86_64 0.1.4 34.00 152.00 186.00 OK

Check Details

Version: 0.1.4
Check: dependencies in R code
Result: NOTE
    Namespaces in Imports field not imported from:
     ‘httr’ ‘stringr’
     All declared Imports should be used.
Flavors: r-devel-linux-x86_64-fedora-clang, r-devel-linux-x86_64-fedora-gcc, r-release-macos-arm64, r-release-macos-x86_64, r-oldrel-macos-arm64, r-oldrel-macos-x86_64