CRAN Package Check Results for Package countdown

Last updated on 2024-07-19 16:57:21 CEST.

Flavor Version Tinstall Tcheck Ttotal Status Flags
r-devel-linux-x86_64-debian-clang 0.4.0 3.06 34.32 37.38 OK
r-devel-linux-x86_64-debian-gcc 0.4.0 1.92 25.82 27.74 OK
r-devel-linux-x86_64-fedora-clang 0.4.0 45.39 NOTE
r-devel-linux-x86_64-fedora-gcc 0.4.0 55.32 OK
r-devel-windows-x86_64 0.4.0 4.00 50.00 54.00 OK
r-patched-linux-x86_64 0.4.0 2.84 32.02 34.86 OK
r-release-linux-x86_64 0.4.0 2.52 32.04 34.56 OK
r-release-macos-arm64 0.4.0 23.00 OK
r-release-macos-x86_64 0.4.0 37.00 OK
r-release-windows-x86_64 0.4.0 3.00 48.00 51.00 OK
r-oldrel-macos-arm64 0.4.0 24.00 OK
r-oldrel-macos-x86_64 0.4.0 34.00 OK
r-oldrel-windows-x86_64 0.4.0 5.00 51.00 56.00 OK

Check Details

Version: 0.4.0
Check: Rd cross-references
Result: NOTE Undeclared packages ‘xaringan’, ‘beepr’ in Rd xrefs Flavor: r-devel-linux-x86_64-fedora-clang