Last updated on 2022-06-30 15:51:38 CEST.
Flavor | Version | Tinstall | Tcheck | Ttotal | Status | Flags |
---|---|---|---|---|---|---|
r-devel-linux-x86_64-debian-clang | 0.9.1 | 2.75 | 103.37 | 106.12 | NOTE | |
r-devel-linux-x86_64-debian-gcc | 0.9.1 | 2.35 | 74.60 | 76.95 | NOTE | |
r-devel-linux-x86_64-fedora-clang | 0.9.1 | 135.70 | WARN | |||
r-devel-linux-x86_64-fedora-gcc | 0.9.1 | 137.44 | WARN | |||
r-devel-windows-x86_64 | 0.9.1 | 17.00 | 144.00 | 161.00 | NOTE | |
r-patched-linux-x86_64 | 0.9.1 | 2.86 | 100.50 | 103.36 | NOTE | |
r-release-linux-x86_64 | 0.9.1 | 2.13 | 99.81 | 101.94 | NOTE | |
r-release-macos-arm64 | 0.9.1 | 39.00 | NOTE | |||
r-release-macos-x86_64 | 0.9.1 | 71.00 | NOTE | |||
r-release-windows-x86_64 | 0.9.1 | 17.00 | 140.00 | 157.00 | NOTE | |
r-oldrel-macos-arm64 | 0.9.1 | 46.00 | NOTE | |||
r-oldrel-macos-x86_64 | 0.9.1 | 61.00 | NOTE | |||
r-oldrel-windows-ix86+x86_64 | 0.9.1 | 9.00 | 128.00 | 137.00 | NOTE |
Version: 0.9.1
Check: LazyData
Result: NOTE
'LazyData' is specified without a 'data' directory
Flavors: r-devel-linux-x86_64-debian-clang, r-devel-linux-x86_64-debian-gcc, r-devel-linux-x86_64-fedora-clang, r-devel-linux-x86_64-fedora-gcc, r-devel-windows-x86_64, r-patched-linux-x86_64, r-release-linux-x86_64, r-release-macos-arm64, r-release-macos-x86_64, r-release-windows-x86_64, r-oldrel-macos-arm64, r-oldrel-macos-x86_64, r-oldrel-windows-ix86+x86_64
Version: 0.9.1
Check: package dependencies
Result: WARN
Requires (indirectly) orphaned package: ‘gtools’
Flavors: r-devel-linux-x86_64-fedora-clang, r-devel-linux-x86_64-fedora-gcc
Version: 0.9.1
Check: dependencies in R code
Result: NOTE
Namespace in Imports field not imported from: ‘jpeg’
All declared Imports should be used.
Flavors: r-devel-linux-x86_64-fedora-clang, r-devel-linux-x86_64-fedora-gcc, r-release-macos-arm64, r-release-macos-x86_64, r-oldrel-macos-arm64, r-oldrel-macos-x86_64