Last updated on 2022-08-07 15:55:46 CEST.
Flavor | Version | Tinstall | Tcheck | Ttotal | Status | Flags |
---|---|---|---|---|---|---|
r-devel-linux-x86_64-debian-clang | 1.0.6.1 | 3.11 | 38.60 | 41.71 | NOTE | |
r-devel-linux-x86_64-debian-gcc | 1.0.6.1 | 2.52 | 28.70 | 31.22 | NOTE | |
r-devel-linux-x86_64-fedora-clang | 1.0.6.1 | 58.67 | NOTE | |||
r-devel-linux-x86_64-fedora-gcc | 1.0.6.1 | 57.43 | NOTE | |||
r-devel-windows-x86_64 | 1.0.6.1 | 18.00 | 66.00 | 84.00 | NOTE | |
r-patched-linux-x86_64 | 1.0.6.1 | 3.24 | 35.54 | 38.78 | NOTE | |
r-release-linux-x86_64 | 1.0.6.1 | 2.84 | 35.17 | 38.01 | NOTE | |
r-release-macos-arm64 | 1.0.6.1 | 20.00 | NOTE | |||
r-release-macos-x86_64 | 1.0.6.1 | 32.00 | NOTE | |||
r-release-windows-x86_64 | 1.0.6.1 | 12.00 | 64.00 | 76.00 | NOTE | |
r-oldrel-macos-arm64 | 1.0.6.1 | 28.00 | NOTE | |||
r-oldrel-macos-x86_64 | 1.0.6.1 | 36.00 | NOTE | |||
r-oldrel-windows-ix86+x86_64 | 1.0.6.1 | 11.00 | 61.00 | 72.00 | NOTE |
Version: 1.0.6.1
Check: LazyData
Result: NOTE
'LazyData' is specified without a 'data' directory
Flavors: r-devel-linux-x86_64-debian-clang, r-devel-linux-x86_64-debian-gcc, r-devel-linux-x86_64-fedora-clang, r-devel-linux-x86_64-fedora-gcc, r-devel-windows-x86_64, r-patched-linux-x86_64, r-release-linux-x86_64, r-release-macos-arm64, r-release-macos-x86_64, r-release-windows-x86_64, r-oldrel-macos-arm64, r-oldrel-macos-x86_64, r-oldrel-windows-ix86+x86_64