CRAN Package Check Results for Package corrr

Last updated on 2022-06-26 15:52:56 CEST.

Flavor Version Tinstall Tcheck Ttotal Status Flags
r-devel-linux-x86_64-debian-clang 0.4.3 6.96 78.08 85.04 NOTE
r-devel-linux-x86_64-debian-gcc 0.4.3 5.27 58.63 63.90 NOTE
r-devel-linux-x86_64-fedora-clang 0.4.3 113.43 NOTE
r-devel-linux-x86_64-fedora-gcc 0.4.3 107.68 NOTE
r-devel-windows-x86_64 0.4.3 24.00 109.00 133.00 NOTE
r-patched-linux-x86_64 0.4.3 11.53 73.14 84.67 NOTE
r-release-linux-x86_64 0.4.3 6.19 74.00 80.19 NOTE
r-release-macos-arm64 0.4.3 44.00 NOTE
r-release-macos-x86_64 0.4.3 67.00 NOTE
r-release-windows-x86_64 0.4.3 27.00 109.00 136.00 NOTE
r-oldrel-macos-arm64 0.4.3 47.00 NOTE
r-oldrel-macos-x86_64 0.4.3 57.00 NOTE
r-oldrel-windows-ix86+x86_64 0.4.3 16.00 105.00 121.00 NOTE

Check Details

Version: 0.4.3
Check: LazyData
Result: NOTE
     'LazyData' is specified without a 'data' directory
Flavors: r-devel-linux-x86_64-debian-clang, r-devel-linux-x86_64-debian-gcc, r-devel-linux-x86_64-fedora-clang, r-devel-linux-x86_64-fedora-gcc, r-devel-windows-x86_64, r-patched-linux-x86_64, r-release-linux-x86_64, r-release-macos-arm64, r-release-macos-x86_64, r-release-windows-x86_64, r-oldrel-macos-arm64, r-oldrel-macos-x86_64, r-oldrel-windows-ix86+x86_64