CRAN Package Check Results for Package corrplot

Last updated on 2020-08-13 15:50:58 CEST.

Flavor Version Tinstall Tcheck Ttotal Status Flags
r-devel-linux-x86_64-debian-clang 0.84 3.64 39.78 43.42 OK
r-devel-linux-x86_64-debian-gcc 0.84 3.00 30.76 33.76 OK
r-devel-linux-x86_64-fedora-clang 0.84 62.90 NOTE
r-devel-linux-x86_64-fedora-gcc 0.84 51.59 OK
r-devel-windows-ix86+x86_64 0.84 10.00 63.00 73.00 NOTE
r-patched-linux-x86_64 0.84 3.22 39.64 42.86 OK
r-patched-solaris-x86 0.84 80.40 NOTE
r-release-linux-x86_64 0.84 3.58 39.46 43.04 OK
r-release-macos-x86_64 0.84 NOTE
r-release-windows-ix86+x86_64 0.84 8.00 73.00 81.00 NOTE
r-oldrel-macos-x86_64 0.84 NOTE
r-oldrel-windows-ix86+x86_64 0.84 6.00 57.00 63.00 NOTE

Check Details

Version: 0.84
Check: installed package size
Result: NOTE
     installed size is 7.0Mb
     sub-directories of 1Mb or more:
     doc 6.9Mb
Flavors: r-devel-linux-x86_64-fedora-clang, r-devel-windows-ix86+x86_64, r-patched-solaris-x86, r-release-macos-x86_64, r-release-windows-ix86+x86_64, r-oldrel-macos-x86_64, r-oldrel-windows-ix86+x86_64