CRAN Package Check Results for Package correlationfunnel

Last updated on 2020-11-27 03:50:06 CET.

Flavor Version Tinstall Tcheck Ttotal Status Flags
r-devel-linux-x86_64-debian-clang 0.2.0 14.95 150.40 165.35 OK
r-devel-linux-x86_64-debian-gcc 0.2.0 13.58 117.92 131.50 OK
r-devel-linux-x86_64-fedora-clang 0.2.0 203.23 NOTE
r-devel-linux-x86_64-fedora-gcc 0.2.0 194.38 NOTE
r-devel-windows-ix86+x86_64 0.2.0 32.00 169.00 201.00 OK
r-patched-linux-x86_64 0.2.0 15.58 145.31 160.89 OK
r-patched-solaris-x86 0.2.0 279.70 NOTE
r-release-linux-x86_64 0.2.0 12.93 142.59 155.52 OK
r-release-macos-x86_64 0.2.0 NOTE
r-release-windows-ix86+x86_64 0.2.0 33.00 187.00 220.00 OK
r-oldrel-macos-x86_64 0.2.0 NOTE
r-oldrel-windows-ix86+x86_64 0.2.0 22.00 180.00 202.00 OK

Check Details

Version: 0.2.0
Check: dependencies in R code
Result: NOTE
    Namespace in Imports field not imported from: ‘utils’
     All declared Imports should be used.
Flavors: r-devel-linux-x86_64-fedora-clang, r-devel-linux-x86_64-fedora-gcc, r-patched-solaris-x86, r-release-macos-x86_64, r-oldrel-macos-x86_64