Last updated on 2023-01-29 03:55:10 CET.
Flavor | Version | Tinstall | Tcheck | Ttotal | Status | Flags |
---|---|---|---|---|---|---|
r-devel-linux-x86_64-debian-clang | 0.3.32 | 13.68 | 55.18 | 68.86 | OK | |
r-devel-linux-x86_64-debian-gcc | 0.3.32 | 13.28 | 43.75 | 57.03 | OK | |
r-devel-linux-x86_64-fedora-clang | 0.3.32 | 94.19 | NOTE | |||
r-devel-linux-x86_64-fedora-gcc | 0.3.32 | 104.33 | NOTE | |||
r-devel-windows-x86_64 | 0.3.32 | 26.00 | 84.00 | 110.00 | OK | |
r-patched-linux-x86_64 | 0.3.32 | 11.60 | 53.39 | 64.99 | OK | |
r-release-linux-x86_64 | 0.3.32 | 12.95 | 53.49 | 66.44 | OK | |
r-release-macos-arm64 | 0.3.32 | 33.00 | NOTE | |||
r-release-macos-x86_64 | 0.3.32 | 48.00 | NOTE | |||
r-release-windows-x86_64 | 0.3.32 | 32.00 | 99.00 | 131.00 | OK | |
r-oldrel-macos-arm64 | 0.3.32 | 32.00 | NOTE | |||
r-oldrel-macos-x86_64 | 0.3.32 | 46.00 | NOTE | |||
r-oldrel-windows-ix86+x86_64 | 0.3.32 | 25.00 | 84.00 | 109.00 | OK |
Version: 0.3.32
Check: data for non-ASCII characters
Result: NOTE
Note: found 6 marked UTF-8 strings
Flavors: r-devel-linux-x86_64-fedora-clang, r-devel-linux-x86_64-fedora-gcc, r-release-macos-arm64, r-release-macos-x86_64, r-oldrel-macos-arm64, r-oldrel-macos-x86_64