CRAN Package Check Results for Package cornet

Last updated on 2020-07-13 15:48:20 CEST.

Flavor Version Tinstall Tcheck Ttotal Status Flags
r-devel-linux-x86_64-debian-clang 0.0.4 2.76 104.13 106.89 OK
r-devel-linux-x86_64-debian-gcc 0.0.4 1.98 71.85 73.83 OK
r-devel-linux-x86_64-fedora-clang 0.0.4 133.91 OK
r-devel-linux-x86_64-fedora-gcc 0.0.4 126.83 OK
r-devel-windows-ix86+x86_64 0.0.4 7.00 144.00 151.00 OK
r-patched-linux-x86_64 0.0.4 2.59 99.74 102.33 OK
r-patched-solaris-x86 0.0.4 149.80 OK
r-release-linux-x86_64 0.0.4 2.52 98.94 101.46 OK
r-release-macos-x86_64 0.0.4 ERROR
r-release-windows-ix86+x86_64 0.0.4 8.00 114.00 122.00 OK
r-oldrel-macos-x86_64 0.0.4 OK
r-oldrel-windows-ix86+x86_64 0.0.4 9.00 102.00 111.00 OK

Check Details

Version: 0.0.4
Check: whether package can be installed
Result: ERROR
    Installation failed.
Flavor: r-release-macos-x86_64