CRAN Package Check Results for Package cope

Last updated on 2020-09-22 03:49:18 CEST.

Flavor Version Tinstall Tcheck Ttotal Status Flags
r-devel-linux-x86_64-debian-clang 0.2.3 5.73 58.41 64.14 OK
r-devel-linux-x86_64-debian-gcc 0.2.3 0.30 1.90 2.20 ERROR
r-devel-linux-x86_64-fedora-clang 0.2.3 84.23 OK
r-devel-linux-x86_64-fedora-gcc 0.2.3 75.14 OK
r-devel-windows-ix86+x86_64 0.2.3 12.00 66.00 78.00 OK
r-patched-linux-x86_64 0.2.3 5.05 57.46 62.51 OK
r-patched-solaris-x86 0.2.3 102.70 OK
r-release-linux-x86_64 0.2.3 5.05 56.91 61.96 OK
r-release-macos-x86_64 0.2.3 OK
r-release-windows-ix86+x86_64 0.2.3 11.00 64.00 75.00 OK
r-oldrel-macos-x86_64 0.2.3 OK
r-oldrel-windows-ix86+x86_64 0.2.3 8.00 79.00 87.00 OK

Check Details

Version: 0.2.3
Check: whether package can be installed
Result: ERROR
    Installation failed.
Flavor: r-devel-linux-x86_64-debian-gcc