CRAN Package Check Results for Package controlTest

Last updated on 2022-07-04 15:54:39 CEST.

Flavor Version Tinstall Tcheck Ttotal Status Flags
r-devel-linux-x86_64-debian-clang 1.1.0 6.53 66.96 73.49 NOTE
r-devel-linux-x86_64-debian-gcc 1.1.0 6.21 50.82 57.03 NOTE
r-devel-linux-x86_64-fedora-clang 1.1.0 97.48 NOTE
r-devel-linux-x86_64-fedora-gcc 1.1.0 97.07 NOTE
r-devel-windows-x86_64 1.1.0 12.00 89.00 101.00 NOTE
r-patched-linux-x86_64 1.1.0 7.17 64.42 71.59 NOTE
r-release-linux-x86_64 1.1.0 7.74 64.13 71.87 NOTE
r-release-macos-arm64 1.1.0 28.00 NOTE
r-release-macos-x86_64 1.1.0 42.00 NOTE
r-release-windows-x86_64 1.1.0 19.00 86.00 105.00 NOTE
r-oldrel-macos-arm64 1.1.0 36.00 NOTE
r-oldrel-macos-x86_64 1.1.0 56.00 NOTE
r-oldrel-windows-ix86+x86_64 1.1.0 17.00 84.00 101.00 NOTE

Check Details

Version: 1.1.0
Check: LazyData
Result: NOTE
     'LazyData' is specified without a 'data' directory
Flavors: r-devel-linux-x86_64-debian-clang, r-devel-linux-x86_64-debian-gcc, r-devel-linux-x86_64-fedora-clang, r-devel-linux-x86_64-fedora-gcc, r-devel-windows-x86_64, r-patched-linux-x86_64, r-release-linux-x86_64, r-release-macos-arm64, r-release-macos-x86_64, r-release-windows-x86_64, r-oldrel-macos-arm64, r-oldrel-macos-x86_64, r-oldrel-windows-ix86+x86_64