CRAN Package Check Results for Package conserveR

Last updated on 2022-06-26 03:49:57 CEST.

Flavor Version Tinstall Tcheck Ttotal Status Flags
r-devel-linux-x86_64-debian-clang 1.0.4 6.58 67.35 73.93 OK
r-devel-linux-x86_64-debian-gcc 1.0.4 6.23 50.13 56.36 OK
r-devel-linux-x86_64-fedora-clang 1.0.4 100.68 NOTE
r-devel-linux-x86_64-fedora-gcc 1.0.4 98.90 NOTE
r-devel-windows-x86_64 1.0.4 21.00 85.00 106.00 OK
r-patched-linux-x86_64 1.0.4 5.17 62.59 67.76 OK
r-release-linux-x86_64 1.0.4 4.68 62.71 67.39 OK
r-release-macos-arm64 1.0.4 29.00 NOTE
r-release-macos-x86_64 1.0.4 67.00 NOTE
r-release-windows-x86_64 1.0.4 16.00 90.00 106.00 OK
r-oldrel-macos-arm64 1.0.4 30.00 NOTE
r-oldrel-macos-x86_64 1.0.4 38.00 NOTE
r-oldrel-windows-ix86+x86_64 1.0.4 18.00 86.00 104.00 OK

Check Details

Version: 1.0.4
Check: dependencies in R code
Result: NOTE
    Namespaces in Imports field not imported from:
     ‘scales’ ‘sna’
     All declared Imports should be used.
Flavors: r-devel-linux-x86_64-fedora-clang, r-devel-linux-x86_64-fedora-gcc, r-release-macos-arm64, r-release-macos-x86_64, r-oldrel-macos-arm64, r-oldrel-macos-x86_64

Version: 1.0.4
Check: data for non-ASCII characters
Result: NOTE
     Note: found 244 marked UTF-8 strings
Flavors: r-devel-linux-x86_64-fedora-clang, r-devel-linux-x86_64-fedora-gcc, r-release-macos-arm64, r-release-macos-x86_64, r-oldrel-macos-arm64, r-oldrel-macos-x86_64