Last updated on 2022-06-26 15:52:56 CEST.
Flavor | Version | Tinstall | Tcheck | Ttotal | Status | Flags |
---|---|---|---|---|---|---|
r-devel-linux-x86_64-debian-clang | 0.9.96 | 27.78 | 133.92 | 161.70 | NOTE | |
r-devel-linux-x86_64-debian-gcc | 0.9.96 | 21.08 | 95.49 | 116.57 | NOTE | |
r-devel-linux-x86_64-fedora-clang | 0.9.96 | 210.11 | NOTE | |||
r-devel-linux-x86_64-fedora-gcc | 0.9.96 | 198.21 | NOTE | |||
r-devel-windows-x86_64 | 0.9.96 | 128.00 | 195.00 | 323.00 | NOTE | |
r-patched-linux-x86_64 | 0.9.96 | 26.72 | 122.57 | 149.29 | OK | |
r-release-linux-x86_64 | 0.9.96 | 23.29 | 123.21 | 146.50 | OK | |
r-release-macos-arm64 | 0.9.96 | 54.00 | OK | |||
r-release-macos-x86_64 | 0.9.96 | 119.00 | OK | |||
r-release-windows-x86_64 | 0.9.96 | 145.00 | 196.00 | 341.00 | OK | |
r-oldrel-macos-arm64 | 0.9.96 | 59.00 | OK | |||
r-oldrel-macos-x86_64 | 0.9.96 | 80.00 | OK | |||
r-oldrel-windows-ix86+x86_64 | 0.9.96 | 70.00 | 233.00 | 303.00 | OK |
Version: 0.9.96
Check: Rd files
Result: NOTE
checkRd: (-1) plotMCC.Rd:19: Escaped LaTeX specials: \_
Flavors: r-devel-linux-x86_64-debian-clang, r-devel-linux-x86_64-debian-gcc, r-devel-linux-x86_64-fedora-clang, r-devel-linux-x86_64-fedora-gcc, r-devel-windows-x86_64