CRAN Package Check Results for Package connectwidgets

Last updated on 2022-06-26 03:49:57 CEST.

Flavor Version Tinstall Tcheck Ttotal Status Flags
r-devel-linux-x86_64-debian-clang 0.1.1 4.12 45.92 50.04 OK
r-devel-linux-x86_64-debian-gcc 0.1.1 4.41 34.86 39.27 OK
r-devel-linux-x86_64-fedora-clang 0.1.1 74.17 NOTE
r-devel-linux-x86_64-fedora-gcc 0.1.1 70.81 NOTE
r-devel-windows-x86_64 0.1.1 87.00 81.00 168.00 OK
r-patched-linux-x86_64 0.1.1 6.03 43.50 49.53 OK
r-release-linux-x86_64 0.1.1 4.37 44.17 48.54 OK
r-release-macos-arm64 0.1.1 26.00 NOTE
r-release-macos-x86_64 0.1.1 45.00 NOTE
r-release-windows-x86_64 0.1.1 93.00 81.00 174.00 OK
r-oldrel-macos-arm64 0.1.1 28.00 NOTE
r-oldrel-macos-x86_64 0.1.1 74.00 NOTE
r-oldrel-windows-ix86+x86_64 0.1.1 11.00 66.00 77.00 OK

Check Details

Version: 0.1.1
Check: dependencies in R code
Result: NOTE
    Namespaces in Imports field not imported from:
     ‘R6’ ‘httr’ ‘jsonlite’
     All declared Imports should be used.
Flavors: r-devel-linux-x86_64-fedora-clang, r-devel-linux-x86_64-fedora-gcc, r-release-macos-arm64, r-release-macos-x86_64, r-oldrel-macos-arm64, r-oldrel-macos-x86_64