CRAN Package Check Results for Package conmet

Last updated on 2022-06-25 15:51:18 CEST.

Flavor Version Tinstall Tcheck Ttotal Status Flags
r-devel-linux-x86_64-debian-clang 0.1.0 4.76 39.25 44.01 OK
r-devel-linux-x86_64-debian-gcc 0.1.0 3.63 30.23 33.86 OK
r-devel-linux-x86_64-fedora-clang 0.1.0 63.20 NOTE
r-devel-linux-x86_64-fedora-gcc 0.1.0 61.07 NOTE
r-devel-windows-x86_64 0.1.0 11.00 68.00 79.00 OK
r-patched-linux-x86_64 0.1.0 3.16 37.97 41.13 OK
r-release-linux-x86_64 0.1.0 2.79 37.97 40.76 OK
r-release-macos-arm64 0.1.0 21.00 NOTE
r-release-macos-x86_64 0.1.0 34.00 NOTE
r-release-windows-x86_64 0.1.0 10.00 71.00 81.00 OK
r-oldrel-macos-arm64 0.1.0 22.00 NOTE
r-oldrel-macos-x86_64 0.1.0 29.00 NOTE
r-oldrel-windows-ix86+x86_64 0.1.0 14.00 61.00 75.00 OK

Check Details

Version: 0.1.0
Check: dependencies in R code
Result: NOTE
    Namespaces in Imports field not imported from:
     ‘DT’ ‘Hmisc’ ‘dplyr’ ‘foreign’ ‘lavaan’ ‘openxlsx’ ‘purrr’ ‘semTools’
     ‘shinyWidgets’ ‘stringr’ ‘summarytools’ ‘waiter’
     All declared Imports should be used.
Flavors: r-devel-linux-x86_64-fedora-clang, r-devel-linux-x86_64-fedora-gcc, r-release-macos-arm64, r-release-macos-x86_64, r-oldrel-macos-arm64, r-oldrel-macos-x86_64