CRAN Package Check Results for Package conleyreg

Last updated on 2022-08-15 03:52:44 CEST.

Flavor Version Tinstall Tcheck Ttotal Status Flags
r-devel-linux-x86_64-debian-clang 0.1.7 248.79 92.97 341.76 OK
r-devel-linux-x86_64-debian-gcc 0.1.7 190.91 66.63 257.54 OK
r-devel-linux-x86_64-fedora-clang 0.1.7 500.77 NOTE
r-devel-linux-x86_64-fedora-gcc 0.1.7 435.12 NOTE
r-devel-windows-x86_64 0.1.7 243.00 131.00 374.00 OK
r-patched-linux-x86_64 0.1.7 209.08 83.53 292.61 OK
r-release-linux-x86_64 0.1.7 214.23 85.42 299.65 OK
r-release-macos-arm64 0.1.7 101.00 NOTE
r-release-macos-x86_64 0.1.7 173.00 NOTE
r-release-windows-x86_64 0.1.7 174.00 135.00 309.00 OK
r-oldrel-macos-arm64 0.1.7 87.00 NOTE
r-oldrel-macos-x86_64 0.1.7 122.00 NOTE
r-oldrel-windows-ix86+x86_64 0.1.7 563.00 148.00 711.00 OK

Check Details

Version: 0.1.7
Check: installed package size
Result: NOTE
     installed size is 8.9Mb
     sub-directories of 1Mb or more:
     libs 8.5Mb
Flavors: r-devel-linux-x86_64-fedora-clang, r-release-macos-arm64, r-release-macos-x86_64, r-oldrel-macos-arm64, r-oldrel-macos-x86_64

Version: 0.1.7
Check: dependencies in R code
Result: NOTE
    Namespaces in Imports field not imported from:
     ‘base’ ‘lwgeom’ ‘s2’
     All declared Imports should be used.
Flavors: r-devel-linux-x86_64-fedora-clang, r-devel-linux-x86_64-fedora-gcc, r-release-macos-arm64, r-release-macos-x86_64, r-oldrel-macos-arm64, r-oldrel-macos-x86_64