Last updated on 2023-02-05 15:55:09 CET.
Flavor | Version | Tinstall | Tcheck | Ttotal | Status | Flags |
---|---|---|---|---|---|---|
r-devel-linux-x86_64-debian-clang | 1.41 | 11.99 | 140.34 | 152.33 | NOTE | |
r-devel-linux-x86_64-debian-gcc | 1.41 | 9.53 | 101.58 | 111.11 | NOTE | |
r-devel-linux-x86_64-fedora-clang | 1.41 | 187.75 | NOTE | |||
r-devel-linux-x86_64-fedora-gcc | 1.41 | 180.90 | NOTE | |||
r-devel-windows-x86_64 | 1.41 | 28.00 | 176.00 | 204.00 | OK | |
r-patched-linux-x86_64 | 1.41 | 9.76 | 131.41 | 141.17 | NOTE | |
r-release-linux-x86_64 | 1.41 | 9.10 | 132.08 | 141.18 | NOTE | |
r-release-macos-arm64 | 1.41 | 48.00 | OK | |||
r-release-macos-x86_64 | 1.41 | 109.00 | OK | |||
r-release-windows-x86_64 | 1.41 | 34.00 | 193.00 | 227.00 | OK | |
r-oldrel-macos-arm64 | 1.41 | 58.00 | OK | |||
r-oldrel-macos-x86_64 | 1.41 | 80.00 | OK | |||
r-oldrel-windows-ix86+x86_64 | 1.41 | 27.00 | 172.00 | 199.00 | OK |
Version: 1.41
Check: for non-standard things in the check directory
Result: NOTE
Found the following files/directories:
‘design_names.csv’ ‘design_numbers.csv’
‘encoded_orthogonal_factorial_design.csv’
‘orthogonal_factorial_design.csv’
Flavors: r-devel-linux-x86_64-debian-clang, r-devel-linux-x86_64-debian-gcc, r-devel-linux-x86_64-fedora-clang, r-devel-linux-x86_64-fedora-gcc, r-patched-linux-x86_64, r-release-linux-x86_64