CRAN Package Check Results for Package condformat

Last updated on 2022-08-13 04:57:44 CEST.

Flavor Version Tinstall Tcheck Ttotal Status Flags
r-devel-linux-x86_64-debian-clang 0.9.0 5.66 64.62 70.28 NOTE
r-devel-linux-x86_64-debian-gcc 0.9.0 3.69 49.05 52.74 NOTE
r-devel-linux-x86_64-fedora-clang 0.9.0 92.71 NOTE
r-devel-linux-x86_64-fedora-gcc 0.9.0 91.84 NOTE
r-devel-windows-x86_64 0.9.0 42.00 96.00 138.00 NOTE
r-patched-linux-x86_64 0.9.0 5.39 61.33 66.72 NOTE
r-release-linux-x86_64 0.9.0 4.90 60.61 65.51 NOTE
r-release-macos-arm64 0.9.0 27.00 NOTE
r-release-macos-x86_64 0.9.0 53.00 NOTE
r-release-windows-x86_64 0.9.0 34.00 104.00 138.00 NOTE
r-oldrel-macos-arm64 0.9.0 34.00 NOTE
r-oldrel-macos-x86_64 0.9.0 52.00 NOTE
r-oldrel-windows-ix86+x86_64 0.9.0 13.00 87.00 100.00 NOTE

Check Details

Version: 0.9.0
Check: package subdirectories
Result: NOTE
    Problems with news in 'NEWS.md':
     Cannot extract version info from the following section titles:
     Deprecation
Flavors: r-devel-linux-x86_64-debian-clang, r-devel-linux-x86_64-debian-gcc, r-devel-linux-x86_64-fedora-clang, r-devel-linux-x86_64-fedora-gcc, r-devel-windows-x86_64

Version: 0.9.0
Check: LazyData
Result: NOTE
     'LazyData' is specified without a 'data' directory
Flavors: r-devel-linux-x86_64-debian-clang, r-devel-linux-x86_64-debian-gcc, r-devel-linux-x86_64-fedora-clang, r-devel-linux-x86_64-fedora-gcc, r-devel-windows-x86_64, r-patched-linux-x86_64, r-release-linux-x86_64, r-release-macos-arm64, r-release-macos-x86_64, r-release-windows-x86_64, r-oldrel-macos-arm64, r-oldrel-macos-x86_64, r-oldrel-windows-ix86+x86_64