CRAN Package Check Results for Package cond

Last updated on 2022-06-27 03:51:10 CEST.

Flavor Version Tinstall Tcheck Ttotal Status Flags
r-devel-linux-x86_64-debian-clang 1.2-3.1 9.55 86.41 95.96 NOTE
r-devel-linux-x86_64-debian-gcc 1.2-3.1 7.11 65.05 72.16 NOTE
r-devel-linux-x86_64-fedora-clang 1.2-3.1 125.25 NOTE
r-devel-linux-x86_64-fedora-gcc 1.2-3.1 125.01 NOTE
r-devel-windows-x86_64 1.2-3.1 21.00 118.00 139.00 NOTE
r-patched-linux-x86_64 1.2-3.1 7.53 80.82 88.35 OK
r-release-linux-x86_64 1.2-3.1 8.78 82.06 90.84 OK
r-release-macos-arm64 1.2-3.1 36.00 OK
r-release-macos-x86_64 1.2-3.1 55.00 OK
r-release-windows-x86_64 1.2-3.1 22.00 117.00 139.00 OK
r-oldrel-macos-arm64 1.2-3.1 53.00 OK
r-oldrel-macos-x86_64 1.2-3.1 78.00 OK
r-oldrel-windows-ix86+x86_64 1.2-3.1 20.00 105.00 125.00 OK

Check Details

Version: 1.2-3.1
Check: Rd files
Result: NOTE
    checkRd: (-1) babies.Rd:35: Escaped LaTeX specials: \&
Flavors: r-devel-linux-x86_64-debian-clang, r-devel-linux-x86_64-debian-gcc, r-devel-linux-x86_64-fedora-clang, r-devel-linux-x86_64-fedora-gcc, r-devel-windows-x86_64