CRAN Package Check Results for Package concom

Last updated on 2023-10-01 05:05:38 CEST.

Flavor Version Tinstall Tcheck Ttotal Status Flags
r-devel-linux-x86_64-debian-clang 1.0.0 25.48 37.83 63.31 NOTE
r-devel-linux-x86_64-debian-gcc 1.0.0 17.69 30.36 48.05 NOTE
r-devel-linux-x86_64-fedora-clang 1.0.0 85.55 NOTE
r-devel-linux-x86_64-fedora-gcc 1.0.0 87.16 NOTE
r-devel-windows-x86_64 1.0.0 22.00 68.00 90.00 NOTE
r-patched-linux-x86_64 1.0.0 18.39 37.99 56.38 NOTE
r-release-linux-x86_64 1.0.0 23.81 38.51 62.32 NOTE
r-release-macos-arm64 1.0.0 30.00 NOTE
r-release-macos-x86_64 1.0.0 41.00 NOTE
r-release-windows-x86_64 1.0.0 30.00 75.00 105.00 NOTE
r-oldrel-macos-arm64 1.0.0 27.00 OK
r-oldrel-macos-x86_64 1.0.0 38.00 OK
r-oldrel-windows-x86_64 1.0.0 29.00 77.00 106.00 OK

Check Details

Version: 1.0.0
Check: C++ specification
Result: NOTE
     Specified C++11: please drop specification unless essential
Flavors: r-devel-linux-x86_64-debian-clang, r-devel-linux-x86_64-debian-gcc, r-devel-linux-x86_64-fedora-clang, r-devel-linux-x86_64-fedora-gcc, r-devel-windows-x86_64, r-patched-linux-x86_64, r-release-linux-x86_64, r-release-macos-arm64, r-release-macos-x86_64, r-release-windows-x86_64