CRAN Package Check Results for Package complmrob

Last updated on 2020-09-22 03:49:17 CEST.

Flavor Version Tinstall Tcheck Ttotal Status Flags
r-devel-linux-x86_64-debian-clang 0.7.0 4.64 60.89 65.53 OK
r-devel-linux-x86_64-debian-gcc 0.7.0 0.31 1.90 2.21 ERROR
r-devel-linux-x86_64-fedora-clang 0.7.0 86.30 OK
r-devel-linux-x86_64-fedora-gcc 0.7.0 76.13 OK
r-devel-windows-ix86+x86_64 0.7.0 13.00 66.00 79.00 OK
r-patched-linux-x86_64 0.7.0 5.22 58.14 63.36 OK
r-patched-solaris-x86 0.7.0 101.60 OK
r-release-linux-x86_64 0.7.0 4.81 58.24 63.05 OK
r-release-macos-x86_64 0.7.0 OK
r-release-windows-ix86+x86_64 0.7.0 12.00 68.00 80.00 OK
r-oldrel-macos-x86_64 0.7.0 OK
r-oldrel-windows-ix86+x86_64 0.7.0 8.00 82.00 90.00 OK

Check Details

Version: 0.7.0
Check: whether package can be installed
Result: ERROR
    Installation failed.
Flavor: r-devel-linux-x86_64-debian-gcc