CRAN Package Check Results for Package completejourney

Last updated on 2024-06-17 03:49:47 CEST.

Flavor Version Tinstall Tcheck Ttotal Status Flags
r-devel-linux-x86_64-debian-clang 1.1.0 12.85 55.00 67.85 OK
r-devel-linux-x86_64-debian-gcc 1.1.0 9.46 42.39 51.85 OK
r-devel-linux-x86_64-fedora-clang 1.1.0 86.49 OK
r-devel-linux-x86_64-fedora-gcc 1.1.0 96.07 OK
r-devel-windows-x86_64 1.1.0 14.00 65.00 79.00 OK
r-patched-linux-x86_64 1.1.0 11.34 54.06 65.40 OK
r-release-linux-x86_64 1.1.0 11.70 53.78 65.48 OK
r-release-macos-arm64 1.1.0 39.00 OK
r-release-macos-x86_64 1.1.0 59.00 OK
r-release-windows-x86_64 1.1.0 15.00 67.00 82.00 OK
r-oldrel-macos-arm64 1.1.0 41.00 NOTE
r-oldrel-macos-x86_64 1.1.0 63.00 OK
r-oldrel-windows-x86_64 1.1.0 18.00 74.00 92.00 OK

Check Details

Version: 1.1.0
Check: installed package size
Result: NOTE installed size is 5.2Mb sub-directories of 1Mb or more: data 4.9Mb Flavor: r-oldrel-macos-arm64