Last updated on 2025-01-25 03:49:48 CET.
Flavor | Version | Tinstall | Tcheck | Ttotal | Status | Flags |
---|---|---|---|---|---|---|
r-devel-linux-x86_64-debian-clang | 1.1.0 | 10.14 | 44.83 | 54.97 | OK | |
r-devel-linux-x86_64-debian-gcc | 1.1.0 | 6.90 | 33.44 | 40.34 | OK | |
r-devel-linux-x86_64-fedora-clang | 1.1.0 | 86.49 | OK | |||
r-devel-linux-x86_64-fedora-gcc | 1.1.0 | 94.62 | OK | |||
r-devel-windows-x86_64 | 1.1.0 | 14.00 | 67.00 | 81.00 | OK | |
r-patched-linux-x86_64 | 1.1.0 | 10.96 | 40.73 | 51.69 | OK | |
r-release-linux-x86_64 | 1.1.0 | 10.23 | 41.57 | 51.80 | OK | |
r-release-macos-arm64 | 1.1.0 | 39.00 | OK | |||
r-release-macos-x86_64 | 1.1.0 | 59.00 | OK | |||
r-release-windows-x86_64 | 1.1.0 | 14.00 | 68.00 | 82.00 | OK | |
r-oldrel-macos-arm64 | 1.1.0 | 41.00 | NOTE | |||
r-oldrel-macos-x86_64 | 1.1.0 | 63.00 | OK | |||
r-oldrel-windows-x86_64 | 1.1.0 | 18.00 | 73.00 | 91.00 | OK |
Version: 1.1.0
Check: installed package size
Result: NOTE
installed size is 5.2Mb
sub-directories of 1Mb or more:
data 4.9Mb
Flavor: r-oldrel-macos-arm64