Last updated on 2021-01-26 15:49:42 CET.
Flavor | Version | Tinstall | Tcheck | Ttotal | Status | Flags |
---|---|---|---|---|---|---|
r-devel-linux-x86_64-debian-clang | 0.1 | 98.92 | 28.51 | 127.43 | OK | |
r-devel-linux-x86_64-debian-gcc | 0.1 | 72.78 | 25.77 | 98.55 | OK | |
r-devel-linux-x86_64-fedora-clang | 0.1 | 182.52 | NOTE | |||
r-devel-linux-x86_64-fedora-gcc | 0.1 | 167.36 | OK | |||
r-devel-windows-ix86+x86_64 | 0.1 | 200.00 | 76.00 | 276.00 | OK | |
r-patched-linux-x86_64 | 0.1 | 87.51 | 31.04 | 118.55 | OK | |
r-patched-solaris-x86 | 0.1 | 154.20 | OK | |||
r-release-linux-x86_64 | 0.1 | 82.01 | 31.05 | 113.06 | OK | |
r-release-macos-x86_64 | 0.1 | NOTE | ||||
r-release-windows-ix86+x86_64 | 0.1 | 200.00 | 61.00 | 261.00 | OK | |
r-oldrel-macos-x86_64 | 0.1 | NOTE | ||||
r-oldrel-windows-ix86+x86_64 | 0.1 | 166.00 | 64.00 | 230.00 | OK |
Version: 0.1
Check: installed package size
Result: NOTE
installed size is 28.4Mb
sub-directories of 1Mb or more:
R 1.5Mb
libs 26.7Mb
Flavors: r-devel-linux-x86_64-fedora-clang, r-release-macos-x86_64, r-oldrel-macos-x86_64