Last updated on 2022-06-28 15:53:14 CEST.
Flavor | Version | Tinstall | Tcheck | Ttotal | Status | Flags |
---|---|---|---|---|---|---|
r-devel-linux-x86_64-debian-clang | 0.2.2 | 5.63 | 53.53 | 59.16 | OK | |
r-devel-linux-x86_64-debian-gcc | 0.2.2 | 4.50 | 42.00 | 46.50 | OK | |
r-devel-linux-x86_64-fedora-clang | 0.2.2 | 88.10 | NOTE | |||
r-devel-linux-x86_64-fedora-gcc | 0.2.2 | 86.60 | NOTE | |||
r-devel-windows-x86_64 | 0.2.2 | 22.00 | 95.00 | 117.00 | OK | |
r-patched-linux-x86_64 | 0.2.2 | 5.69 | 51.38 | 57.07 | OK | |
r-release-linux-x86_64 | 0.2.2 | 4.88 | 51.81 | 56.69 | OK | |
r-release-macos-arm64 | 0.2.2 | 36.00 | NOTE | |||
r-release-macos-x86_64 | 0.2.2 | 50.00 | NOTE | |||
r-release-windows-x86_64 | 0.2.2 | 22.00 | 95.00 | 117.00 | OK | |
r-oldrel-macos-arm64 | 0.2.2 | 51.00 | NOTE | |||
r-oldrel-macos-x86_64 | 0.2.2 | 60.00 | NOTE | |||
r-oldrel-windows-ix86+x86_64 | 0.2.2 | 14.00 | 90.00 | 104.00 | OK |
Version: 0.2.2
Check: dependencies in R code
Result: NOTE
Namespace in Imports field not imported from: ‘R6’
All declared Imports should be used.
Flavors: r-devel-linux-x86_64-fedora-clang, r-devel-linux-x86_64-fedora-gcc, r-release-macos-arm64, r-release-macos-x86_64, r-oldrel-macos-arm64, r-oldrel-macos-x86_64