CRAN Package Check Results for Package compareC

Last updated on 2023-01-29 16:54:53 CET.

Flavor Version Tinstall Tcheck Ttotal Status Flags
r-devel-linux-x86_64-debian-clang 1.3.2 2.69 31.94 34.63 OK
r-devel-linux-x86_64-debian-gcc 1.3.2 2.06 29.54 31.60 OK
r-devel-linux-x86_64-fedora-clang 1.3.2 44.30 NOTE
r-devel-linux-x86_64-fedora-gcc 1.3.2 48.62 NOTE
r-devel-windows-x86_64 1.3.2 18.00 64.00 82.00 OK
r-patched-linux-x86_64 1.3.2 2.67 36.04 38.71 OK
r-release-linux-x86_64 1.3.2 2.40 36.69 39.09 OK
r-release-macos-arm64 1.3.2 19.00 OK
r-release-macos-x86_64 1.3.2 29.00 OK
r-release-windows-x86_64 1.3.2 21.00 55.00 76.00 OK
r-oldrel-macos-arm64 1.3.2 22.00 OK
r-oldrel-macos-x86_64 1.3.2 26.00 OK
r-oldrel-windows-ix86+x86_64 1.3.2 6.00 183.00 189.00 OK

Check Details

Version: 1.3.2
Check: compiled code
Result: NOTE
    File ‘compareC/libs/compareC.so’:
     Found no calls to: ‘R_registerRoutines’, ‘R_useDynamicSymbols’
    
    It is good practice to register native routines and to disable symbol
    search.
    
    See ‘Writing portable packages’ in the ‘Writing R Extensions’ manual.
Flavors: r-devel-linux-x86_64-fedora-clang, r-devel-linux-x86_64-fedora-gcc