CRAN Package Check Results for Package cometExactTest

Last updated on 2020-10-26 03:48:20 CET.

Flavor Version Tinstall Tcheck Ttotal Status Flags
r-devel-linux-x86_64-debian-clang 0.1.5 4.66 32.61 37.27 NOTE
r-devel-linux-x86_64-debian-gcc 0.1.5 3.52 25.02 28.54 NOTE
r-devel-linux-x86_64-fedora-clang 0.1.5 54.03 NOTE
r-devel-linux-x86_64-fedora-gcc 0.1.5 43.86 NOTE
r-devel-windows-ix86+x86_64 0.1.5 12.00 61.00 73.00 OK
r-patched-linux-x86_64 0.1.5 4.62 30.74 35.36 NOTE
r-patched-solaris-x86 0.1.5 64.20 NOTE
r-release-linux-x86_64 0.1.5 3.99 30.26 34.25 NOTE
r-release-macos-x86_64 0.1.5 OK
r-release-windows-ix86+x86_64 0.1.5 11.00 52.00 63.00 OK
r-oldrel-macos-x86_64 0.1.5 OK
r-oldrel-windows-ix86+x86_64 0.1.5 11.00 58.00 69.00 OK

Check Details

Version: 0.1.5
Check: for non-standard things in the check directory
Result: NOTE
    Found the following files/directories:
     'cometExactTest_plot.pdf'
Flavors: r-devel-linux-x86_64-debian-clang, r-devel-linux-x86_64-debian-gcc, r-devel-linux-x86_64-fedora-clang, r-devel-linux-x86_64-fedora-gcc, r-patched-linux-x86_64, r-patched-solaris-x86, r-release-linux-x86_64