CRAN Package Check Results for Package combinedevents

Last updated on 2024-06-14 03:57:14 CEST.

Flavor Version Tinstall Tcheck Ttotal Status Flags
r-devel-linux-x86_64-debian-clang 0.1.1 3.02 32.21 35.23 OK
r-devel-linux-x86_64-debian-gcc 0.1.1 0.29 1.69 1.98 ERROR
r-devel-linux-x86_64-fedora-clang 0.1.1 43.92 OK
r-devel-linux-x86_64-fedora-gcc 0.1.1 41.44 OK
r-devel-windows-x86_64 0.1.1 4.00 46.00 50.00 OK
r-patched-linux-x86_64 0.1.1 3.38 31.08 34.46 OK
r-release-linux-x86_64 0.1.1 2.82 30.39 33.21 OK
r-release-macos-arm64 0.1.1 17.00 OK
r-release-macos-x86_64 0.1.1 26.00 OK
r-release-windows-x86_64 0.1.1 4.00 46.00 50.00 OK
r-oldrel-macos-arm64 0.1.1 17.00 OK
r-oldrel-macos-x86_64 0.1.1 23.00 OK
r-oldrel-windows-x86_64 0.1.1 4.00 48.00 52.00 OK

Check Details

Version: 0.1.1
Check: package dependencies
Result: ERROR Packages required but not available: 'lubridate', 'stringr' Package suggested but not available for checking: ‘testthat’ See section ‘The DESCRIPTION file’ in the ‘Writing R Extensions’ manual. Flavor: r-devel-linux-x86_64-debian-gcc