CRAN Package Check Results for Package combinat

Last updated on 2023-02-08 04:06:58 CET.

Flavor Version Tinstall Tcheck Ttotal Status Flags
r-devel-linux-x86_64-debian-clang 0.0-8 2.81 22.54 25.35 NOTE
r-devel-linux-x86_64-debian-gcc 0.0-8 1.57 17.49 19.06 NOTE
r-devel-linux-x86_64-fedora-clang 0.0-8 31.62 NOTE
r-devel-linux-x86_64-fedora-gcc 0.0-8 30.13 NOTE
r-devel-windows-x86_64 0.0-8 18.00 48.00 66.00 NOTE
r-patched-linux-x86_64 0.0-8 2.49 22.48 24.97 NOTE
r-release-linux-x86_64 0.0-8 1.85 22.22 24.07 NOTE
r-release-macos-arm64 0.0-8 12.00 NOTE
r-release-macos-x86_64 0.0-8 21.00 NOTE
r-release-windows-x86_64 0.0-8 5.00 42.00 47.00 NOTE
r-oldrel-macos-arm64 0.0-8 21.00 NOTE
r-oldrel-macos-x86_64 0.0-8 25.00 NOTE
r-oldrel-windows-ix86+x86_64 0.0-8 4.00 25.00 29.00 NOTE

Check Details

Version: 0.0-8
Check: DESCRIPTION meta-information
Result: NOTE
    Malformed Description field: should contain one or more complete sentences.
Flavors: r-devel-linux-x86_64-debian-clang, r-devel-linux-x86_64-debian-gcc, r-devel-linux-x86_64-fedora-clang, r-devel-linux-x86_64-fedora-gcc, r-devel-windows-x86_64, r-patched-linux-x86_64, r-release-linux-x86_64, r-release-macos-arm64, r-release-macos-x86_64, r-release-windows-x86_64, r-oldrel-macos-arm64, r-oldrel-macos-x86_64, r-oldrel-windows-ix86+x86_64