CRAN Package Check Results for Package colt

Last updated on 2020-09-22 16:02:25 CEST.

Flavor Version Tinstall Tcheck Ttotal Status Flags
r-devel-linux-x86_64-debian-clang 0.1.1 1.89 21.05 22.94 OK
r-devel-linux-x86_64-debian-gcc 0.1.1 1.76 17.12 18.88 OK
r-devel-linux-x86_64-fedora-clang 0.1.1 37.87 NOTE
r-devel-linux-x86_64-fedora-gcc 0.1.1 28.70 NOTE
r-devel-windows-ix86+x86_64 0.1.1 5.00 31.00 36.00 OK
r-patched-linux-x86_64 0.1.1 2.04 21.39 23.43 OK
r-patched-solaris-x86 0.1.1 45.40 NOTE
r-release-linux-x86_64 0.1.1 2.23 20.84 23.07 OK
r-release-macos-x86_64 0.1.1 NOTE
r-release-windows-ix86+x86_64 0.1.1 6.00 36.00 42.00 OK
r-oldrel-macos-x86_64 0.1.1 NOTE
r-oldrel-windows-ix86+x86_64 0.1.1 5.00 37.00 42.00 OK

Check Details

Version: 0.1.1
Check: dependencies in R code
Result: NOTE
    Namespace in Imports field not imported from: ‘crayon’
     All declared Imports should be used.
Flavors: r-devel-linux-x86_64-fedora-clang, r-devel-linux-x86_64-fedora-gcc, r-patched-solaris-x86, r-release-macos-x86_64, r-oldrel-macos-x86_64