CRAN Package Check Results for Package colourvalues

Last updated on 2022-10-04 03:56:38 CEST.

Flavor Version Tinstall Tcheck Ttotal Status Flags
r-devel-linux-x86_64-debian-clang 0.3.7 89.33 39.24 128.57 NOTE
r-devel-linux-x86_64-debian-gcc 0.3.7 74.25 30.53 104.78 NOTE
r-devel-linux-x86_64-fedora-clang 0.3.7 211.72 NOTE
r-devel-linux-x86_64-fedora-gcc 0.3.7 191.34 NOTE
r-devel-windows-x86_64 0.3.7 270.00 105.00 375.00 NOTE
r-patched-linux-x86_64 0.3.7 80.07 37.63 117.70 NOTE
r-release-linux-x86_64 0.3.7 79.87 37.76 117.63 NOTE
r-release-macos-arm64 0.3.7 44.00 NOTE
r-release-macos-x86_64 0.3.7 63.00 NOTE
r-release-windows-x86_64 0.3.7 190.00 96.00 286.00 NOTE
r-oldrel-macos-arm64 0.3.7 51.00 NOTE
r-oldrel-macos-x86_64 0.3.7 90.00 NOTE
r-oldrel-windows-ix86+x86_64 0.3.7 219.00 98.00 317.00 NOTE

Check Details

Version: 0.3.7
Check: LazyData
Result: NOTE
     'LazyData' is specified without a 'data' directory
Flavors: r-devel-linux-x86_64-debian-clang, r-devel-linux-x86_64-debian-gcc, r-devel-linux-x86_64-fedora-clang, r-devel-linux-x86_64-fedora-gcc, r-devel-windows-x86_64, r-patched-linux-x86_64, r-release-linux-x86_64, r-release-macos-arm64, r-release-macos-x86_64, r-release-windows-x86_64, r-oldrel-macos-arm64, r-oldrel-macos-x86_64, r-oldrel-windows-ix86+x86_64

Version: 0.3.7
Check: installed package size
Result: NOTE
     installed size is 6.8Mb
     sub-directories of 1Mb or more:
     libs 5.6Mb
Flavors: r-release-macos-arm64, r-release-macos-x86_64, r-oldrel-macos-arm64, r-oldrel-macos-x86_64