Last updated on 2023-10-01 05:05:38 CEST.
Flavor | Version | Tinstall | Tcheck | Ttotal | Status | Flags |
---|---|---|---|---|---|---|
r-devel-linux-x86_64-debian-clang | 0.3.9 | 97.88 | 39.88 | 137.76 | OK | |
r-devel-linux-x86_64-debian-gcc | 0.3.9 | 71.88 | 30.87 | 102.75 | OK | |
r-devel-linux-x86_64-fedora-clang | 0.3.9 | 208.33 | OK | |||
r-devel-linux-x86_64-fedora-gcc | 0.3.9 | 214.76 | OK | |||
r-devel-windows-x86_64 | 0.3.9 | 65.00 | 82.00 | 147.00 | OK | |
r-patched-linux-x86_64 | 0.3.9 | 92.98 | 38.62 | 131.60 | OK | |
r-release-linux-x86_64 | 0.3.9 | 98.88 | 38.39 | 137.27 | OK | |
r-release-macos-arm64 | 0.3.9 | 51.00 | NOTE | |||
r-release-macos-x86_64 | 0.3.9 | 140.00 | NOTE | |||
r-release-windows-x86_64 | 0.3.9 | 76.00 | 93.00 | 169.00 | OK | |
r-oldrel-macos-arm64 | 0.3.9 | 50.00 | NOTE | |||
r-oldrel-macos-x86_64 | 0.3.9 | 68.00 | NOTE | |||
r-oldrel-windows-x86_64 | 0.3.9 | 109.00 | 83.00 | 192.00 | OK |
Version: 0.3.9
Check: installed package size
Result: NOTE
installed size is 6.9Mb
sub-directories of 1Mb or more:
libs 5.7Mb
Flavors: r-release-macos-arm64, r-release-macos-x86_64, r-oldrel-macos-arm64, r-oldrel-macos-x86_64