CRAN Package Check Results for Package colorfindr

Last updated on 2022-06-25 15:51:18 CEST.

Flavor Version Tinstall Tcheck Ttotal Status Flags
r-devel-linux-x86_64-debian-clang 0.1.4 9.56 84.39 93.95 NOTE
r-devel-linux-x86_64-debian-gcc 0.1.4 7.07 61.81 68.88 NOTE
r-devel-linux-x86_64-fedora-clang 0.1.4 119.14 NOTE
r-devel-linux-x86_64-fedora-gcc 0.1.4 117.68 NOTE
r-devel-windows-x86_64 0.1.4 23.00 104.00 127.00 NOTE
r-patched-linux-x86_64 0.1.4 10.42 78.68 89.10 NOTE
r-release-linux-x86_64 0.1.4 6.92 77.07 83.99 NOTE
r-release-macos-arm64 0.1.4 33.00 NOTE
r-release-macos-x86_64 0.1.4 55.00 NOTE
r-release-windows-x86_64 0.1.4 21.00 102.00 123.00 NOTE
r-oldrel-macos-arm64 0.1.4 36.00 NOTE
r-oldrel-macos-x86_64 0.1.4 54.00 NOTE
r-oldrel-windows-ix86+x86_64 0.1.4 22.00 101.00 123.00 NOTE

Check Details

Version: 0.1.4
Check: LazyData
Result: NOTE
     'LazyData' is specified without a 'data' directory
Flavors: r-devel-linux-x86_64-debian-clang, r-devel-linux-x86_64-debian-gcc, r-devel-linux-x86_64-fedora-clang, r-devel-linux-x86_64-fedora-gcc, r-devel-windows-x86_64, r-patched-linux-x86_64, r-release-linux-x86_64, r-release-macos-arm64, r-release-macos-x86_64, r-release-windows-x86_64, r-oldrel-macos-arm64, r-oldrel-macos-x86_64, r-oldrel-windows-ix86+x86_64