CRAN Package Check Results for Package collapsibleTree

Last updated on 2022-08-15 03:52:44 CEST.

Flavor Version Tinstall Tcheck Ttotal Status Flags
r-devel-linux-x86_64-debian-clang 0.1.7 2.33 42.27 44.60 NOTE
r-devel-linux-x86_64-debian-gcc 0.1.7 2.23 32.88 35.11 NOTE
r-devel-linux-x86_64-fedora-clang 0.1.7 65.93 NOTE
r-devel-linux-x86_64-fedora-gcc 0.1.7 64.43 NOTE
r-devel-windows-x86_64 0.1.7 28.00 66.00 94.00 NOTE
r-patched-linux-x86_64 0.1.7 3.54 40.51 44.05 NOTE
r-release-linux-x86_64 0.1.7 3.48 41.46 44.94 NOTE
r-release-macos-arm64 0.1.7 20.00 NOTE
r-release-macos-x86_64 0.1.7 28.00 NOTE
r-release-windows-x86_64 0.1.7 18.00 68.00 86.00 NOTE
r-oldrel-macos-arm64 0.1.7 27.00 NOTE
r-oldrel-macos-x86_64 0.1.7 36.00 NOTE
r-oldrel-windows-ix86+x86_64 0.1.7 9.00 65.00 74.00 NOTE

Check Details

Version: 0.1.7
Check: LazyData
Result: NOTE
     'LazyData' is specified without a 'data' directory
Flavors: r-devel-linux-x86_64-debian-clang, r-devel-linux-x86_64-debian-gcc, r-devel-linux-x86_64-fedora-clang, r-devel-linux-x86_64-fedora-gcc, r-devel-windows-x86_64, r-patched-linux-x86_64, r-release-linux-x86_64, r-release-macos-arm64, r-release-macos-x86_64, r-release-windows-x86_64, r-oldrel-macos-arm64, r-oldrel-macos-x86_64, r-oldrel-windows-ix86+x86_64