CRAN Package Check Results for Package collapsibleTree

Last updated on 2021-06-16 15:49:50 CEST.

Flavor Version Tinstall Tcheck Ttotal Status Flags
r-devel-linux-x86_64-debian-clang 0.1.7 3.21 39.44 42.65 NOTE
r-devel-linux-x86_64-debian-gcc 0.1.7 2.28 29.51 31.79 NOTE
r-devel-linux-x86_64-fedora-clang 0.1.7 58.94 NOTE
r-devel-linux-x86_64-fedora-gcc 0.1.7 47.08 NOTE
r-devel-windows-x86_64 0.1.7 5.00 55.00 60.00 NOTE
r-devel-windows-x86_64-gcc10-UCRT 0.1.7 NOTE
r-patched-linux-x86_64 0.1.7 3.23 36.91 40.14 NOTE
r-patched-solaris-x86 0.1.7 73.80 NOTE
r-release-linux-x86_64 0.1.7 2.79 36.91 39.70 NOTE
r-release-macos-arm64 0.1.7 NOTE
r-release-macos-x86_64 0.1.7 NOTE
r-release-windows-ix86+x86_64 0.1.7 7.00 54.00 61.00 NOTE
r-oldrel-macos-x86_64 0.1.7 OK
r-oldrel-windows-ix86+x86_64 0.1.7 5.00 56.00 61.00 OK

Check Details

Version: 0.1.7
Check: LazyData
Result: NOTE
     'LazyData' is specified without a 'data' directory
Flavors: r-devel-linux-x86_64-debian-clang, r-devel-linux-x86_64-debian-gcc, r-devel-linux-x86_64-fedora-clang, r-devel-linux-x86_64-fedora-gcc, r-devel-windows-x86_64, r-devel-windows-x86_64-gcc10-UCRT, r-patched-linux-x86_64, r-patched-solaris-x86, r-release-linux-x86_64, r-release-macos-arm64, r-release-macos-x86_64, r-release-windows-ix86+x86_64