Last updated on 2023-02-05 15:55:09 CET.
Flavor | Version | Tinstall | Tcheck | Ttotal | Status | Flags |
---|---|---|---|---|---|---|
r-devel-linux-x86_64-debian-clang | 2.0-3 | 16.34 | 84.21 | 100.55 | OK | |
r-devel-linux-x86_64-debian-gcc | 2.0-3 | 12.58 | 61.51 | 74.09 | OK | |
r-devel-linux-x86_64-fedora-clang | 2.0-3 | 121.96 | OK | |||
r-devel-linux-x86_64-fedora-gcc | 2.0-3 | 119.65 | OK | |||
r-devel-windows-x86_64 | 2.0-3 | 69.00 | 121.00 | 190.00 | OK | |
r-patched-linux-x86_64 | 2.0-3 | 15.73 | 79.64 | 95.37 | OK | |
r-release-linux-x86_64 | 2.0-3 | 16.99 | 81.63 | 98.62 | OK | |
r-release-macos-arm64 | 2.0-3 | 38.00 | OK | |||
r-release-macos-x86_64 | 2.0-3 | 57.00 | WARN | |||
r-release-windows-x86_64 | 2.0-3 | 35.00 | 125.00 | 160.00 | OK | |
r-oldrel-macos-arm64 | 2.0-3 | 50.00 | OK | |||
r-oldrel-macos-x86_64 | 2.0-3 | 61.00 | WARN | |||
r-oldrel-windows-ix86+x86_64 | 2.0-3 | 48.00 | 161.00 | 209.00 | OK |
Version: 2.0-3
Check: whether package can be installed
Result: WARN
Found the following significant warnings:
Warning: control reaches end of non-void function [-Wreturn-type]
Flavors: r-release-macos-x86_64, r-oldrel-macos-x86_64