CRAN Package Check Results for Package coil

Last updated on 2020-09-22 03:49:17 CEST.

Flavor Version Tinstall Tcheck Ttotal Status Flags
r-devel-linux-x86_64-debian-clang 1.2.1 2.78 85.65 88.43 OK
r-devel-linux-x86_64-debian-gcc 1.2.1 0.32 2.26 2.58 ERROR
r-devel-linux-x86_64-fedora-clang 1.2.1 118.85 OK
r-devel-linux-x86_64-fedora-gcc 1.2.1 115.56 OK
r-devel-windows-ix86+x86_64 1.2.1 6.00 97.00 103.00 OK
r-patched-linux-x86_64 1.2.1 2.61 89.07 91.68 OK
r-patched-solaris-x86 1.2.1 151.30 OK
r-release-linux-x86_64 1.2.1 2.47 85.38 87.85 OK
r-release-macos-x86_64 1.2.1 OK
r-release-windows-ix86+x86_64 1.2.1 6.00 111.00 117.00 OK
r-oldrel-macos-x86_64 1.2.1 OK
r-oldrel-windows-ix86+x86_64 1.2.1 4.00 108.00 112.00 OK

Check Details

Version: 1.2.1
Check: whether package can be installed
Result: ERROR
    Installation failed.
Flavor: r-devel-linux-x86_64-debian-gcc