Last updated on 2023-10-01 05:05:38 CEST.
Flavor | Version | Tinstall | Tcheck | Ttotal | Status | Flags |
---|---|---|---|---|---|---|
r-devel-linux-x86_64-debian-clang | 2.2-0 | 9.41 | 68.80 | 78.21 | OK | |
r-devel-linux-x86_64-debian-gcc | 2.2-0 | 8.78 | 53.47 | 62.25 | OK | |
r-devel-linux-x86_64-fedora-clang | 2.2-0 | 98.05 | NOTE | |||
r-devel-linux-x86_64-fedora-gcc | 2.2-0 | 99.48 | NOTE | |||
r-devel-windows-x86_64 | 2.2-0 | 10.00 | 70.00 | 80.00 | OK | |
r-patched-linux-x86_64 | 2.2-0 | 8.22 | 67.68 | 75.90 | OK | |
r-release-linux-x86_64 | 2.2-0 | 10.96 | 66.91 | 77.87 | OK | |
r-release-macos-arm64 | 2.2-0 | 36.00 | OK | |||
r-release-macos-x86_64 | 2.2-0 | 54.00 | OK | |||
r-release-windows-x86_64 | 2.2-0 | 13.00 | 78.00 | 91.00 | OK | |
r-oldrel-macos-arm64 | 2.2-0 | 33.00 | OK | |||
r-oldrel-macos-x86_64 | 2.2-0 | 43.00 | OK | |||
r-oldrel-windows-x86_64 | 2.2-0 | 12.00 | 80.00 | 92.00 | OK |
Version: 2.2-0
Check: compiled code
Result: NOTE
File ‘coenoflex/libs/coenoflex.so’:
Found no calls to: ‘R_registerRoutines’, ‘R_useDynamicSymbols’
It is good practice to register native routines and to disable symbol
search.
See ‘Writing portable packages’ in the ‘Writing R Extensions’ manual.
Flavors: r-devel-linux-x86_64-fedora-clang, r-devel-linux-x86_64-fedora-gcc