CRAN Package Check Results for Package codebreaker

Last updated on 2022-09-25 15:56:39 CEST.

Flavor Version Tinstall Tcheck Ttotal Status Flags
r-devel-linux-x86_64-debian-clang 0.0.2 3.02 25.70 28.72 NOTE
r-devel-linux-x86_64-debian-gcc 0.0.2 2.04 20.31 22.35 NOTE
r-devel-linux-x86_64-fedora-clang 0.0.2 46.30 NOTE
r-devel-linux-x86_64-fedora-gcc 0.0.2 45.66 NOTE
r-devel-windows-x86_64 0.0.2 24.00 51.00 75.00 NOTE
r-patched-linux-x86_64 0.0.2 3.12 24.78 27.90 NOTE
r-release-linux-x86_64 0.0.2 2.75 25.20 27.95 NOTE
r-release-macos-arm64 0.0.2 16.00 NOTE
r-release-macos-x86_64 0.0.2 22.00 NOTE
r-release-windows-x86_64 0.0.2 19.00 49.00 68.00 NOTE
r-oldrel-macos-arm64 0.0.2 17.00 NOTE
r-oldrel-macos-x86_64 0.0.2 30.00 NOTE
r-oldrel-windows-ix86+x86_64 0.0.2 6.00 49.00 55.00 NOTE

Check Details

Version: 0.0.2
Check: LazyData
Result: NOTE
     'LazyData' is specified without a 'data' directory
Flavors: r-devel-linux-x86_64-debian-clang, r-devel-linux-x86_64-debian-gcc, r-devel-linux-x86_64-fedora-clang, r-devel-linux-x86_64-fedora-gcc, r-devel-windows-x86_64, r-patched-linux-x86_64, r-release-linux-x86_64, r-release-macos-arm64, r-release-macos-x86_64, r-release-windows-x86_64, r-oldrel-macos-arm64, r-oldrel-macos-x86_64, r-oldrel-windows-ix86+x86_64