CRAN Package Check Results for Package cocktailApp

Last updated on 2020-12-01 04:47:31 CET.

Flavor Version Tinstall Tcheck Ttotal Status Flags
r-devel-linux-x86_64-debian-clang 0.2.1 11.52 76.09 87.61 OK
r-devel-linux-x86_64-debian-gcc 0.2.1 6.78 57.33 64.11 OK
r-devel-linux-x86_64-fedora-clang 0.2.1 106.57 NOTE
r-devel-linux-x86_64-fedora-gcc 0.2.1 93.33 NOTE
r-devel-windows-ix86+x86_64 0.2.1 18.00 95.00 113.00 OK
r-patched-linux-x86_64 0.2.1 8.50 71.45 79.95 OK
r-patched-solaris-x86 0.2.1 139.00 NOTE
r-release-linux-x86_64 0.2.1 8.67 72.28 80.95 OK
r-release-macos-x86_64 0.2.1 NOTE
r-release-windows-ix86+x86_64 0.2.1 13.00 78.00 91.00 OK
r-oldrel-macos-x86_64 0.2.1 NOTE
r-oldrel-windows-ix86+x86_64 0.2.1 21.00 92.00 113.00 OK

Check Details

Version: 0.2.1
Check: data for non-ASCII characters
Result: NOTE
     Note: found 14661 marked UTF-8 strings
Flavors: r-devel-linux-x86_64-fedora-clang, r-devel-linux-x86_64-fedora-gcc, r-patched-solaris-x86, r-release-macos-x86_64, r-oldrel-macos-x86_64