CRAN Package Check Results for Package cocktailApp

Last updated on 2024-06-17 03:49:47 CEST.

Flavor Version Tinstall Tcheck Ttotal Status Flags
r-devel-linux-x86_64-debian-clang 0.2.3 9.22 136.50 145.72 OK
r-devel-linux-x86_64-debian-gcc 0.2.3 7.44 98.50 105.94 OK
r-devel-linux-x86_64-fedora-clang 0.2.3 176.04 NOTE
r-devel-linux-x86_64-fedora-gcc 0.2.3 167.79 NOTE
r-devel-windows-x86_64 0.2.3 9.00 104.00 113.00 OK
r-patched-linux-x86_64 0.2.3 8.12 129.81 137.93 OK
r-release-linux-x86_64 0.2.3 8.63 132.13 140.76 OK
r-release-macos-arm64 0.2.3 53.00 OK
r-release-macos-x86_64 0.2.3 88.00 OK
r-release-windows-x86_64 0.2.3 10.00 105.00 115.00 OK
r-oldrel-macos-arm64 0.2.3 47.00 OK
r-oldrel-macos-x86_64 0.2.3 129.00 OK
r-oldrel-windows-x86_64 0.2.3 12.00 128.00 140.00 OK

Check Details

Version: 0.2.3
Check: data for non-ASCII characters
Result: NOTE Note: found 14729 marked UTF-8 strings Flavors: r-devel-linux-x86_64-fedora-clang, r-devel-linux-x86_64-fedora-gcc