Last updated on 2023-02-04 16:55:42 CET.
Flavor | Version | Tinstall | Tcheck | Ttotal | Status | Flags |
---|---|---|---|---|---|---|
r-devel-linux-x86_64-debian-clang | 0.2.3 | 4.92 | 41.89 | 46.81 | NOTE | |
r-devel-linux-x86_64-debian-gcc | 0.2.3 | 2.93 | 32.48 | 35.41 | NOTE | |
r-devel-linux-x86_64-fedora-clang | 0.2.3 | 62.04 | NOTE | |||
r-devel-linux-x86_64-fedora-gcc | 0.2.3 | 71.93 | NOTE | |||
r-devel-windows-x86_64 | 0.2.3 | 35.00 | 101.00 | 136.00 | NOTE | |
r-patched-linux-x86_64 | 0.2.3 | 4.06 | 41.74 | 45.80 | OK | |
r-release-linux-x86_64 | 0.2.3 | 4.61 | 42.20 | 46.81 | OK | |
r-release-macos-arm64 | 0.2.3 | 27.00 | OK | |||
r-release-macos-x86_64 | 0.2.3 | 38.00 | OK | |||
r-release-windows-x86_64 | 0.2.3 | 30.00 | 102.00 | 132.00 | OK | |
r-oldrel-macos-arm64 | 0.2.3 | 29.00 | OK | |||
r-oldrel-macos-x86_64 | 0.2.3 | 40.00 | OK | |||
r-oldrel-windows-ix86+x86_64 | 0.2.3 | 13.00 | 93.00 | 106.00 | OK |
Version: 0.2.3
Check: C++ specification
Result: NOTE
Specified C++11: please update to current default of C++17
Flavors: r-devel-linux-x86_64-debian-clang, r-devel-linux-x86_64-debian-gcc, r-devel-linux-x86_64-fedora-clang, r-devel-linux-x86_64-fedora-gcc, r-devel-windows-x86_64