CRAN Package Check Results for Package cnum

Last updated on 2022-09-25 03:54:27 CEST.

Flavor Version Tinstall Tcheck Ttotal Status Flags
r-devel-linux-x86_64-debian-clang 0.1.3 43.51 31.26 74.77 NOTE
r-devel-linux-x86_64-debian-gcc 0.1.3 39.92 24.32 64.24 NOTE
r-devel-linux-x86_64-fedora-clang 0.1.3 103.82 NOTE
r-devel-linux-x86_64-fedora-gcc 0.1.3 111.90 NOTE
r-devel-windows-x86_64 0.1.3 43.00 80.00 123.00 NOTE
r-patched-linux-x86_64 0.1.3 39.00 31.58 70.58 NOTE
r-release-linux-x86_64 0.1.3 37.03 31.46 68.49 NOTE
r-release-macos-arm64 0.1.3 28.00 NOTE
r-release-macos-x86_64 0.1.3 38.00 NOTE
r-release-windows-x86_64 0.1.3 41.00 83.00 124.00 NOTE
r-oldrel-macos-arm64 0.1.3 33.00 NOTE
r-oldrel-macos-x86_64 0.1.3 61.00 NOTE
r-oldrel-windows-ix86+x86_64 0.1.3 106.00 81.00 187.00 NOTE

Check Details

Version: 0.1.3
Check: LazyData
Result: NOTE
     'LazyData' is specified without a 'data' directory
Flavors: r-devel-linux-x86_64-debian-clang, r-devel-linux-x86_64-debian-gcc, r-devel-linux-x86_64-fedora-clang, r-devel-linux-x86_64-fedora-gcc, r-devel-windows-x86_64, r-patched-linux-x86_64, r-release-linux-x86_64, r-release-macos-arm64, r-release-macos-x86_64, r-release-windows-x86_64, r-oldrel-macos-arm64, r-oldrel-macos-x86_64, r-oldrel-windows-ix86+x86_64