Last updated on 2022-06-26 15:52:56 CEST.
Flavor | Version | Tinstall | Tcheck | Ttotal | Status | Flags |
---|---|---|---|---|---|---|
r-devel-linux-x86_64-debian-clang | 1.1.11 | 13.27 | 88.50 | 101.77 | OK | |
r-devel-linux-x86_64-debian-gcc | 1.1.11 | 12.05 | 65.50 | 77.55 | OK | |
r-devel-linux-x86_64-fedora-clang | 1.1.11 | 140.01 | NOTE | |||
r-devel-linux-x86_64-fedora-gcc | 1.1.11 | 131.76 | NOTE | |||
r-devel-windows-x86_64 | 1.1.11 | 53.00 | 107.00 | 160.00 | OK | |
r-patched-linux-x86_64 | 1.1.11 | 11.70 | 82.92 | 94.62 | OK | |
r-release-linux-x86_64 | 1.1.11 | 9.36 | 84.47 | 93.83 | OK | |
r-release-macos-arm64 | 1.1.11 | 34.00 | NOTE | |||
r-release-macos-x86_64 | 1.1.11 | 55.00 | NOTE | |||
r-release-windows-x86_64 | 1.1.11 | 65.00 | 102.00 | 167.00 | OK | |
r-oldrel-macos-arm64 | 1.1.11 | 32.00 | NOTE | |||
r-oldrel-macos-x86_64 | 1.1.11 | 46.00 | NOTE | |||
r-oldrel-windows-ix86+x86_64 | 1.1.11 | 25.00 | 103.00 | 128.00 | OK |
Version: 1.1.11
Check: package dependencies
Result: NOTE
Imports includes 21 non-default packages.
Importing from so many packages makes the package vulnerable to any of
them becoming unavailable. Move as many as possible to Suggests and
use conditionally.
Flavor: r-devel-linux-x86_64-fedora-clang
Version: 1.1.11
Check: dependencies in R code
Result: NOTE
Namespaces in Imports field not imported from:
‘maptools’ ‘rgdal’ ‘rworldxtra’
All declared Imports should be used.
Flavors: r-devel-linux-x86_64-fedora-clang, r-devel-linux-x86_64-fedora-gcc, r-release-macos-arm64, r-release-macos-x86_64, r-oldrel-macos-arm64, r-oldrel-macos-x86_64